{"id":3048,"date":"2019-05-09T17:17:30","date_gmt":"2019-05-09T20:17:30","guid":{"rendered":"http:\/\/univinte.edu.br\/portal\/index.php\/bolsas-e-financiamentos\/programa-de-incentivo-financeiro\/"},"modified":"2023-08-15T14:45:04","modified_gmt":"2023-08-15T17:45:04","slug":"programa-de-incentivo-financeiro","status":"publish","type":"page","link":"https:\/\/univinte.edu.br\/portal\/bolsas-e-financiamentos\/programa-de-incentivo-financeiro\/","title":{"rendered":"Programa de Incentivo Financeiro\u200b"},"content":{"rendered":"<h2>Programa de Incentivo Financeiro\u200b<\/h2>\n<p lang=\\\"pt-BR\\\" align=\\\"JUSTIFY\\\">FUCAP \u2013 Faculdade Capivari al\u00e9m de conceder Bolsas de Estudo e Bolsas de Pesquisa, Cr\u00e9dito Educativo e Financiamento Estudantil, oferece outros benef\u00edcios, tais como: descontos associativos, para militares, mesma renda, alunos de outras localidades.<\/p>\n<p lang=\\\"pt-BR\\\" align=\\\"JUSTIFY\\\">Segue a rela\u00e7\u00e3o de Incentivos Financeiros:<\/p>\n<p lang=\\\"pt-BR\\\" align=\\\"JUSTIFY\\\">&#8211; (20%) para Agentes de Seguran\u00e7a P\u00fablica(Policial Militar, Civil e Federal, Ex\u00e9rcito, Bombeiros e seus dependentes(de 1\u00ba grau: esposa e filhos);\u00a0\\&#8221;consultar Resolu\u00e7\u00e3o n\u00ba001\/15.\\&#8221;<\/p>\n<p lang=\\\"pt-BR\\\" align=\\\"JUSTIFY\\\">&#8211; (10%) para Renda Familiar(pessoas que usufruem da mesma Renda e estudam na FUCAP);\u00a0\\&#8221;consultar Resolu\u00e7\u00e3o n\u00ba001\/15.\\&#8221;<\/p>\n<p lang=\\\"pt-BR\\\" align=\\\"JUSTIFY\\\">&#8211; (10%) para alunos que j\u00e1 conclu\u00edram Curso Superior.<\/p>\n<p lang=\\\"pt-BR\\\" align=\\\"JUSTIFY\\\">&#8211; (15%) para alunos que participam das Bolsas de Atividades de Extens\u00e3o;\u00a0\\&#8221;consultar Resolu\u00e7\u00e3o n\u00ba001\/15.\\&#8221;<\/p>\n<p lang=\\\"pt-BR\\\" align=\\\"JUSTIFY\\\">&#8211; (15%) para alunos que participam das Bolsas de Inicia\u00e7\u00e3o Cient\u00edfica;<\/p>\n<p lang=\\\"pt-BR\\\" align=\\\"JUSTIFY\\\">&#8211; (15%) para alunos que participam das Bolsas de Monitoria;<\/p>\n<p lang=\\\"pt-BR\\\" align=\\\"JUSTIFY\\\">&#8211; (30%) para alunos que moram em outras localidades (n\u00e3o oriundos da Regi\u00e3o da AMUREL), \\&#8221;consultar Resolu\u00e7\u00e3o n\u00ba001\/16.\\&#8221;<\/p>\n<p lang=\\\"pt-BR\\\" align=\\\"JUSTIFY\\\">&#8211; (30%) para estudantes maiores de 55(cinquenta e cinco) anos de idade, \\&#8221; consultar Resolu\u00e7\u00e3o n\u00ba001\/17\\&#8221;.<\/p>\n<p>Siga a Fucap nas redes sociais:<\/p>\n<p>\t\t\t\t\t\t\t<a href=\\\"\/\/www.facebook.com\/fucap\/?epa=SEARCH_BOX\\\" target=\\\"_blank\\\" rel=\\\"noopener noreferrer\\\"><br \/>\n\t\t\t\t\tFacebook<br \/>\n\t\t\t\t\t\t\t\t\t<\/a><br \/>\n\t\t\t\t\t\t\t<a href=\\\"\/\/twitter.com\/fucap_edu\\\" target=\\\"_blank\\\" rel=\\\"noopener noreferrer\\\"><br \/>\n\t\t\t\t\tTwitter<br \/>\n\t\t\t\t\t\t\t\t\t<\/a><br \/>\n\t\t\t\t\t\t\t<a href=\\\"\/\/www.youtube.com\/channel\/UCz81EoOg0XR4RafpD_sfE3A\\\" target=\\\"_blank\\\" rel=\\\"noopener noreferrer\\\"><br \/>\n\t\t\t\t\tYoutube<br \/>\n\t\t\t\t\t\t\t\t\t<\/a><br \/>\n\t\t\t\t\t\t\t<a href=\\\"\/\/www.instagram.com\/fucap_univinte\/\\\" target=\\\"_blank\\\" rel=\\\"noopener noreferrer\\\"><br \/>\n\t\t\t\t\tInstagram<br \/>\n\t\t\t\t\t\t\t\t\t<\/a><br \/>\n\t\t\t\t\t\t\t<a href=\\\"\/\/br.linkedin.com\/in\/faculdade-fucap-362825109\\\" target=\\\"_blank\\\" rel=\\\"noopener noreferrer\\\"><br \/>\n\t\t\t\t\tLinkedin<br \/>\n\t\t\t\t\t\t\t\t\t<\/a><\/p>\n<p>\u00a0<\/p>\n<p>Faculdade Fucap Univinte\u00a0 &#8211; Uma faculdade Inovadora<br \/>Central de Atendimento: (48) 3623-6000 | Endere\u00e7o: Av. Na\u00e7\u00f5es Unidas, 500 &#8211; Centro<br \/>\u00a0 \u00a0 CEP 88745-000 &#8211; Capivari de Baixo &#8211; SC\u00a0 \u00a0Brasil<\/p>\n<p>\t\t\t\t\t\t\t\t\t\t\t<a href=\\\"\/\/www.fucap.edu.br\/wp\/\\\" data-elementor-open-lightbox=\\\"\\\"><br \/>\n\t\t\t\t\t\t\t<img width=\\\"194\\\" height=\\\"74\\\" src=\\\"https:\/\/www.fucap.edu.br\/wp\/wp-content\/uploads\/2019\/03\/logo-otimizada-rodape.png\\\" alt=\\\"\\\" \/>\t\t\t\t\t\t\t\t<\/a><br \/>\n\t\t\u00a9 2019 Faculdades Fucap. Todos os direitos reservados. Desenvolvido por<a style=\\\"color: #ffffff;\\\" href=\\\"\/\/www.creativeindesign.com.br\\\" target=\\\"_blank\\\" rel=\\\"noopener noreferrer\\\"> CreativeDesign\u00a0 e \u00a0<\/a>Rafael Frasson\u00a0\u00a0<\/p>\n","protected":false},"excerpt":{"rendered":"<p>Programa de Incentivo Financeiro\u200b FUCAP \u2013 Faculdade Capivari al\u00e9m de conceder Bolsas de Estudo e Bolsas de Pesquisa, Cr\u00e9dito Educativo e Financiamento Estudantil, oferece outros benef\u00edcios, tais como: descontos associativos, para militares, mesma renda, alunos de outras localidades. Segue a rela\u00e7\u00e3o de Incentivos Financeiros: &#8211; (20%) para Agentes de Seguran\u00e7a P\u00fablica(Policial Militar, Civil e Federal, [&hellip;]<\/p>\n","protected":false},"author":1,"featured_media":0,"parent":527,"menu_order":0,"comment_status":"closed","ping_status":"closed","template":"","meta":{"site-sidebar-layout":"default","site-content-layout":"","ast-site-content-layout":"default","site-content-style":"default","site-sidebar-style":"default","ast-global-header-display":"","ast-banner-title-visibility":"","ast-main-header-display":"","ast-hfb-above-header-display":"","ast-hfb-below-header-display":"","ast-hfb-mobile-header-display":"","site-post-title":"","ast-breadcrumbs-content":"","ast-featured-img":"","footer-sml-layout":"","ast-disable-related-posts":"","theme-transparent-header-meta":"","adv-header-id-meta":"","stick-header-meta":"","header-above-stick-meta":"","header-main-stick-meta":"","header-below-stick-meta":"","astra-migrate-meta-layouts":"default","ast-page-background-enabled":"default","ast-page-background-meta":{"desktop":{"background-color":"var(--ast-global-color-4)","background-image":"","background-repeat":"repeat","background-position":"center center","background-size":"auto","background-attachment":"scroll","background-type":"","background-media":"","overlay-type":"","overlay-color":"","overlay-opacity":"","overlay-gradient":""},"tablet":{"background-color":"","background-image":"","background-repeat":"repeat","background-position":"center center","background-size":"auto","background-attachment":"scroll","background-type":"","background-media":"","overlay-type":"","overlay-color":"","overlay-opacity":"","overlay-gradient":""},"mobile":{"background-color":"","background-image":"","background-repeat":"repeat","background-position":"center center","background-size":"auto","background-attachment":"scroll","background-type":"","background-media":"","overlay-type":"","overlay-color":"","overlay-opacity":"","overlay-gradient":""}},"ast-content-background-meta":{"desktop":{"background-color":"var(--ast-global-color-5)","background-image":"","background-repeat":"repeat","background-position":"center center","background-size":"auto","background-attachment":"scroll","background-type":"","background-media":"","overlay-type":"","overlay-color":"","overlay-opacity":"","overlay-gradient":""},"tablet":{"background-color":"var(--ast-global-color-5)","background-image":"","background-repeat":"repeat","background-position":"center center","background-size":"auto","background-attachment":"scroll","background-type":"","background-media":"","overlay-type":"","overlay-color":"","overlay-opacity":"","overlay-gradient":""},"mobile":{"background-color":"var(--ast-global-color-5)","background-image":"","background-repeat":"repeat","background-position":"center center","background-size":"auto","background-attachment":"scroll","background-type":"","background-media":"","overlay-type":"","overlay-color":"","overlay-opacity":"","overlay-gradient":""}},"footnotes":""},"class_list":["post-3048","page","type-page","status-publish","hentry"],"rttpg_featured_image_url":null,"rttpg_author":{"display_name":"contato","author_link":"https:\/\/univinte.edu.br\/portal\/author\/contato\/"},"rttpg_comment":0,"rttpg_category":null,"rttpg_excerpt":"Programa de Incentivo Financeiro\u200b FUCAP \u2013 Faculdade Capivari al\u00e9m de conceder Bolsas de Estudo e Bolsas de Pesquisa, Cr\u00e9dito Educativo e Financiamento Estudantil, oferece outros benef\u00edcios, tais como: descontos associativos, para militares, mesma renda, alunos de outras localidades. Segue a rela\u00e7\u00e3o de Incentivos Financeiros: &#8211; (20%) para Agentes de Seguran\u00e7a P\u00fablica(Policial Militar, Civil e Federal,&hellip;","_links":{"self":[{"href":"https:\/\/univinte.edu.br\/portal\/wp-json\/wp\/v2\/pages\/3048","targetHints":{"allow":["GET"]}}],"collection":[{"href":"https:\/\/univinte.edu.br\/portal\/wp-json\/wp\/v2\/pages"}],"about":[{"href":"https:\/\/univinte.edu.br\/portal\/wp-json\/wp\/v2\/types\/page"}],"author":[{"embeddable":true,"href":"https:\/\/univinte.edu.br\/portal\/wp-json\/wp\/v2\/users\/1"}],"replies":[{"embeddable":true,"href":"https:\/\/univinte.edu.br\/portal\/wp-json\/wp\/v2\/comments?post=3048"}],"version-history":[{"count":1,"href":"https:\/\/univinte.edu.br\/portal\/wp-json\/wp\/v2\/pages\/3048\/revisions"}],"predecessor-version":[{"id":11591,"href":"https:\/\/univinte.edu.br\/portal\/wp-json\/wp\/v2\/pages\/3048\/revisions\/11591"}],"up":[{"embeddable":true,"href":"https:\/\/univinte.edu.br\/portal\/wp-json\/wp\/v2\/pages\/527"}],"wp:attachment":[{"href":"https:\/\/univinte.edu.br\/portal\/wp-json\/wp\/v2\/media?parent=3048"}],"curies":[{"name":"wp","href":"https:\/\/api.w.org\/{rel}","templated":true}]}}