{"id":33,"date":"2018-12-20T09:08:39","date_gmt":"2018-12-20T11:08:39","guid":{"rendered":"http:\/\/univinte.edu.br\/portal\/index.php\/pos-graduacao\/"},"modified":"2018-12-20T09:08:39","modified_gmt":"2018-12-20T11:08:39","slug":"pos-graduacao","status":"publish","type":"page","link":"https:\/\/univinte.edu.br\/portal\/pos-graduacao\/","title":{"rendered":"P\u00d3S-GRADUA\u00c7\u00c3O"},"content":{"rendered":"<p><img width=\\\"2048\\\" height=\\\"598\\\" src=\\\"https:\/\/www.fucap.edu.br\/wp\/wp-content\/uploads\/2021\/05\/FUCAP-REMOTO.png\\\" alt=\\\"\\\" loading=\\\"lazy\\\" srcset=\\\"https:\/\/i1.wp.com\/www.fucap.edu.br\/wp\/wp-content\/uploads\/2021\/05\/FUCAP-REMOTO.png?w=2048&amp;ssl=1 2048w, https:\/\/i1.wp.com\/www.fucap.edu.br\/wp\/wp-content\/uploads\/2021\/05\/FUCAP-REMOTO.png?resize=300%2C88&amp;ssl=1 300w, https:\/\/i1.wp.com\/www.fucap.edu.br\/wp\/wp-content\/uploads\/2021\/05\/FUCAP-REMOTO.png?resize=1024%2C299&amp;ssl=1 1024w, https:\/\/i1.wp.com\/www.fucap.edu.br\/wp\/wp-content\/uploads\/2021\/05\/FUCAP-REMOTO.png?resize=768%2C224&amp;ssl=1 768w, https:\/\/i1.wp.com\/www.fucap.edu.br\/wp\/wp-content\/uploads\/2021\/05\/FUCAP-REMOTO.png?resize=1536%2C449&amp;ssl=1 1536w\\\" sizes=\\\"(max-width: 2048px) 100vw, 2048px\\\" \/>\t\t\t\t\t\t\t\t\t\t\t\t\t\t<\/p>\n<h2>P\u00d3S-GRADUA\u00c7\u00c3O Lato Sensu<\/h2>\n<figure><a href=\\\"https:\/\/www.fucap.edu.br\/wp\/alfabetizacao-e-letramento\/\\\"><img width=\\\"1280\\\" height=\\\"909\\\" src=\\\"https:\/\/www.fucap.edu.br\/wp\/wp-content\/uploads\/2021\/03\/Alfabetizacoaeletramento.jpg\\\" alt=\\\"\\\" loading=\\\"lazy\\\" \/><\/a><\/figure>\n<h3><a href=\\\"https:\/\/www.fucap.edu.br\/wp\/alfabetizacao-e-letramento\/\\\">Alfabetiza\u00e7\u00e3o e Letramento<\/a><\/h3>\n<p>Carga hor\u00e1ria: 420 horas<\/br><br \/>\nModalidade: Remoto<\/p>\n<figure><a href=\\\"https:\/\/www.fucap.edu.br\/wp\/arte-educacao\/\\\"><img width=\\\"1280\\\" height=\\\"910\\\" src=\\\"https:\/\/www.fucap.edu.br\/wp\/wp-content\/uploads\/2020\/10\/arteeducacao.jpg\\\" alt=\\\"\\\" loading=\\\"lazy\\\" \/><\/a><\/figure>\n<h3><a href=\\\"https:\/\/www.fucap.edu.br\/wp\/arte-educacao\/\\\">Arte e Educa\u00e7\u00e3o<\/a><\/h3>\n<p>Carga hor\u00e1ria: 420 horas<\/br><br \/>\nModalidade: Remoto<\/p>\n<figure><a href=\\\"https:\/\/www.fucap.edu.br\/wp\/pos-a-educacao-moderna-metodologias-e-tecnologias-para-ensinar-e-aprender\/\\\"><img width=\\\"1280\\\" height=\\\"910\\\" src=\\\"https:\/\/www.fucap.edu.br\/wp\/wp-content\/uploads\/2020\/10\/educacaomoderna.jpeg\\\" alt=\\\"\\\" loading=\\\"lazy\\\" \/><\/a><\/figure>\n<h3><a href=\\\"https:\/\/www.fucap.edu.br\/wp\/pos-a-educacao-moderna-metodologias-e-tecnologias-para-ensinar-e-aprender\/\\\">A Educa\u00e7\u00e3o Moderna: Metodologias e tecnologias para ensinar e aprender<\/a><\/h3>\n<p>Carga hor\u00e1ria: 420 horas<\/br><br \/>\nModalidade: Remoto<\/p>\n<figure><a href=\\\"https:\/\/www.fucap.edu.br\/wp\/pos-arqueologia-e-patrimonio-cultural\/\\\"><img width=\\\"1280\\\" height=\\\"909\\\" src=\\\"https:\/\/www.fucap.edu.br\/wp\/wp-content\/uploads\/2020\/10\/arqueologia.jpeg\\\" alt=\\\"\\\" loading=\\\"lazy\\\" \/><\/a><\/figure>\n<h3><a href=\\\"https:\/\/www.fucap.edu.br\/wp\/pos-arqueologia-e-patrimonio-cultural\/\\\">Arqueologia e Patrim\u00f4nio Cultural<\/a><\/h3>\n<p>Carga hor\u00e1ria: 420 horas<\/br><br \/>\nModalidade: Presencial<\/p>\n<figure><a href=\\\"https:\/\/www.fucap.edu.br\/wp\/pos-atendimento-familiar-sistemico\/\\\"><img width=\\\"1280\\\" height=\\\"910\\\" src=\\\"https:\/\/www.fucap.edu.br\/wp\/wp-content\/uploads\/2020\/09\/atendimentofamiliarsist.jpeg\\\" alt=\\\"\\\" loading=\\\"lazy\\\" \/><\/a><\/figure>\n<h3><a href=\\\"https:\/\/www.fucap.edu.br\/wp\/pos-atendimento-familiar-sistemico\/\\\">Atendimento Familiar Sist\u00eamico<\/a><\/h3>\n<p>Carga hor\u00e1ria: 420 horas<\/br><br \/>\nModalidade: Remoto<\/p>\n<figure><a href=\\\"https:\/\/www.fucap.edu.br\/wp\/comercio-exterior-e-gestao-portuaria\/\\\"><img width=\\\"1280\\\" height=\\\"910\\\" src=\\\"https:\/\/www.fucap.edu.br\/wp\/wp-content\/uploads\/2021\/03\/Comercio_Exterior_Gestao_Portuaria.jpg\\\" alt=\\\"\\\" loading=\\\"lazy\\\" \/><\/a><\/figure>\n<h3><a href=\\\"https:\/\/www.fucap.edu.br\/wp\/comercio-exterior-e-gestao-portuaria\/\\\">Com\u00e9rcio Exterior e Gest\u00e3o Portu\u00e1ria<\/a><\/h3>\n<p>Carga hor\u00e1ria: 420 horas<\/br><br \/>\nModalidade: Remoto<\/p>\n<figure><a href=\\\"https:\/\/www.fucap.edu.br\/wp\/direito-penal-e-processual-penal\\\"><img width=\\\"1280\\\" height=\\\"910\\\" src=\\\"https:\/\/www.fucap.edu.br\/wp\/wp-content\/uploads\/2021\/01\/direito_penal.png\\\" alt=\\\"\\\" loading=\\\"lazy\\\" \/><\/a><\/figure>\n<h3><a href=\\\"https:\/\/www.fucap.edu.br\/wp\/direito-penal-e-processual-penal\\\">Direito Penal e Processual Penal<\/a><\/h3>\n<p>Carga hor\u00e1ria: 420 horas<\/br><br \/>\nModalidade: Presencial<\/p>\n<figure><a href=\\\"https:\/\/www.fucap.edu.br\/wp\/pos-engenharia-da-producao\/\\\"><img width=\\\"1280\\\" height=\\\"909\\\" src=\\\"https:\/\/www.fucap.edu.br\/wp\/wp-content\/uploads\/2020\/10\/engenhariasdeproducao.jpeg\\\" alt=\\\"\\\" loading=\\\"lazy\\\" \/><\/a><\/figure>\n<h3><a href=\\\"https:\/\/www.fucap.edu.br\/wp\/pos-engenharia-da-producao\/\\\"> Engenharia de Produ\u00e7\u00e3o<\/a><\/h3>\n<p>Carga hor\u00e1ria: 420 horas<\/br><br \/>\nModalidade: Remoto<\/p>\n<figure><a href=\\\"https:\/\/www.fucap.edu.br\/wp\/pos-engenharia-de-seguranca-do-trabalho\/\\\"><img width=\\\"1280\\\" height=\\\"907\\\" src=\\\"https:\/\/www.fucap.edu.br\/wp\/wp-content\/uploads\/2020\/10\/eng_de_seg.jpeg\\\" alt=\\\"\\\" loading=\\\"lazy\\\" \/><\/a><\/figure>\n<h3><a href=\\\"https:\/\/www.fucap.edu.br\/wp\/pos-engenharia-de-seguranca-do-trabalho\/\\\">Engenharia de Seguran\u00e7a do Trabalho<\/a><\/h3>\n<p>Carga hor\u00e1ria: 600 horas<\/br><br \/>\nModalidade: Presencial<\/p>\n<figure><a href=\\\"https:\/\/www.fucap.edu.br\/wp\/educacao-especial-e-libras\/\\\"><img width=\\\"1280\\\" height=\\\"909\\\" src=\\\"https:\/\/www.fucap.edu.br\/wp\/wp-content\/uploads\/2020\/10\/libras.jpeg\\\" alt=\\\"\\\" loading=\\\"lazy\\\" \/><\/a><\/figure>\n<h3><a href=\\\"https:\/\/www.fucap.edu.br\/wp\/educacao-especial-e-libras\/\\\">Educa\u00e7\u00e3o Especial e Libras<\/a><\/h3>\n<p>Carga hor\u00e1ria: 420 horas<\/br><br \/>\nModalidade: Presencial<\/p>\n<figure><a href=\\\"https:\/\/www.fucap.edu.br\/wp\/pos-gestao-ambiental\/\\\"><img width=\\\"1280\\\" height=\\\"910\\\" src=\\\"https:\/\/www.fucap.edu.br\/wp\/wp-content\/uploads\/2020\/10\/gestao_ambiental.jpeg\\\" alt=\\\"\\\" loading=\\\"lazy\\\" \/><\/a><\/figure>\n<h3><a href=\\\"https:\/\/www.fucap.edu.br\/wp\/pos-gestao-ambiental\/\\\">Gest\u00e3o Ambiental <\/a><\/h3>\n<p>Carga hor\u00e1ria: 420 horas<\/br><br \/>\nModalidade: Remoto<\/p>\n<figure><a href=\\\"https:\/\/www.fucap.edu.br\/wp\/pos-gestao-empresarial-e-recursos-humanos\/\\\"><img width=\\\"1280\\\" height=\\\"914\\\" src=\\\"https:\/\/www.fucap.edu.br\/wp\/wp-content\/uploads\/2020\/10\/gestao_rh.jpeg\\\" alt=\\\"\\\" loading=\\\"lazy\\\" \/><\/a><\/figure>\n<h3><a href=\\\"https:\/\/www.fucap.edu.br\/wp\/pos-gestao-empresarial-e-recursos-humanos\/\\\">Gest\u00e3o Empresarial e Recursos Humanos<\/a><\/h3>\n<p>Carga hor\u00e1ria: 420 horas<\/br><br \/>\nModalidade: Remoto<\/p>\n<figure><a href=\\\"https:\/\/www.fucap.edu.br\/wp\/pos-gestao-financeira\/\\\"><img width=\\\"1280\\\" height=\\\"910\\\" src=\\\"https:\/\/www.fucap.edu.br\/wp\/wp-content\/uploads\/2020\/11\/image-2.png\\\" alt=\\\"\\\" loading=\\\"lazy\\\" \/><\/a><\/figure>\n<h3><a href=\\\"https:\/\/www.fucap.edu.br\/wp\/pos-gestao-financeira\/\\\">Gest\u00e3o Financeira<\/a><\/h3>\n<p>Carga hor\u00e1ria: 420 horas<\/br><br \/>\nModalidade: Remoto<\/p>\n<figure><a href=\\\"https:\/\/www.fucap.edu.br\/wp\/pos-gestao-de-projetos\/\\\"><img width=\\\"1280\\\" height=\\\"910\\\" src=\\\"https:\/\/www.fucap.edu.br\/wp\/wp-content\/uploads\/2020\/10\/gestaodeprojetos.jpeg\\\" alt=\\\"\\\" loading=\\\"lazy\\\" \/><\/a><\/figure>\n<h3><a href=\\\"https:\/\/www.fucap.edu.br\/wp\/pos-gestao-de-projetos\/\\\">Gest\u00e3o de Projetos<\/a><\/h3>\n<p>Carga hor\u00e1ria: 420 horas<\/br><br \/>\nModalidade: Remoto<\/p>\n<figure><a href=\\\"https:\/\/www.fucap.edu.br\/wp\/pos-historia-do-brasil\/\\\"><img width=\\\"1280\\\" height=\\\"909\\\" src=\\\"https:\/\/www.fucap.edu.br\/wp\/wp-content\/uploads\/2020\/10\/historiabrasil.jpeg\\\" alt=\\\"\\\" loading=\\\"lazy\\\" \/><\/a><\/figure>\n<h3><a href=\\\"https:\/\/www.fucap.edu.br\/wp\/pos-historia-do-brasil\/\\\">Hist\u00f3ria do Brasil<\/a><\/h3>\n<p>Carga hor\u00e1ria: 420 horas<\/br><br \/>\nModalidade: Remoto<\/p>\n<figure><a href=\\\"https:\/\/www.fucap.edu.br\/wp\/pos-marketing-e-vendas-com-enfase-em-marketing-digital\/\\\"><img width=\\\"1280\\\" height=\\\"909\\\" src=\\\"https:\/\/www.fucap.edu.br\/wp\/wp-content\/uploads\/2020\/10\/marketing_vendas.jpeg\\\" alt=\\\"\\\" loading=\\\"lazy\\\" \/><\/a><\/figure>\n<h3><a href=\\\"https:\/\/www.fucap.edu.br\/wp\/pos-marketing-e-vendas-com-enfase-em-marketing-digital\/\\\">Marketing e Vendas com \u00eanfase em Marketing Digital<\/a><\/h3>\n<p>Carga hor\u00e1ria: 420 horas<\/br><br \/>\nModalidade: Remoto<\/p>\n<figure><a href=\\\"https:\/\/www.fucap.edu.br\/wp\/pos-mba-gestao-de-pessoas-com-enfase-em-coaching\/\\\"><img width=\\\"1280\\\" height=\\\"868\\\" src=\\\"https:\/\/www.fucap.edu.br\/wp\/wp-content\/uploads\/2020\/10\/gestaodepessoas.jpeg\\\" alt=\\\"\\\" loading=\\\"lazy\\\" \/><\/a><\/figure>\n<h3><a href=\\\"https:\/\/www.fucap.edu.br\/wp\/pos-mba-gestao-de-pessoas-com-enfase-em-coaching\/\\\">MBA Gest\u00e3o de Pessoas com \u00eanfase em Coaching<\/a><\/h3>\n<p>Carga hor\u00e1ria: 420 horas<\/br><br \/>\nModalidade: Remoto<\/p>\n<figure><a href=\\\"https:\/\/www.fucap.edu.br\/wp\/pos-mba-gestao-de-cooperativas-financeiras\/\\\"><img width=\\\"1280\\\" height=\\\"913\\\" src=\\\"https:\/\/www.fucap.edu.br\/wp\/wp-content\/uploads\/2021\/05\/MBA-Gestao-Cooperativas-Financeiras.jpg\\\" alt=\\\"\\\" loading=\\\"lazy\\\" \/><\/a><\/figure>\n<h3><a href=\\\"https:\/\/www.fucap.edu.br\/wp\/pos-mba-gestao-de-cooperativas-financeiras\/\\\">MBA Gest\u00e3o de Cooperativas Financeiras <\/a><\/h3>\n<p>Carga hor\u00e1ria: 420 horas<\/br><br \/>\nModalidade: Remoto<\/p>\n<figure><a href=\\\"https:\/\/www.fucap.edu.br\/wp\/pos-pratica-interdisciplinar-educacao-infantil-anos-iniciais-com-inclusao-da-educacao-especial\/\\\"><img width=\\\"1280\\\" height=\\\"910\\\" src=\\\"https:\/\/www.fucap.edu.br\/wp\/wp-content\/uploads\/2020\/10\/praticainterdiciplinar.jpeg\\\" alt=\\\"\\\" loading=\\\"lazy\\\" \/><\/a><\/figure>\n<h3><a href=\\\"https:\/\/www.fucap.edu.br\/wp\/pos-pratica-interdisciplinar-educacao-infantil-anos-iniciais-com-inclusao-da-educacao-especial\/\\\">Pr\u00e1tica Interdisciplinar: Educa\u00e7\u00e3o Infantil e Anos Iniciais com Inclus\u00e3o da Educa\u00e7\u00e3o Especial<\/a><\/h3>\n<p>Carga hor\u00e1ria: 420 horas<\/br><br \/>\nModalidade: Remoto<\/p>\n<figure><a href=\\\"https:\/\/www.fucap.edu.br\/wp\/pos-psicopedagogia-clinica-e-institucional\/\\\"><img width=\\\"982\\\" height=\\\"655\\\" src=\\\"https:\/\/www.fucap.edu.br\/wp\/wp-content\/uploads\/2020\/11\/image-1.png\\\" alt=\\\"\\\" loading=\\\"lazy\\\" \/><\/a><\/figure>\n<h3><a href=\\\"https:\/\/www.fucap.edu.br\/wp\/pos-psicopedagogia-clinica-e-institucional\/\\\">Psicopedagogia Cl\u00ednica e Institucional<\/a><\/h3>\n<p>Carga hor\u00e1ria: 720 horas<\/br><br \/>\nModalidade: Remoto<\/p>\n<figure><a href=\\\"https:\/\/www.fucap.edu.br\/wp\/pos-supervisao-pedagogica-orientacao-educacional-e-gestao-escolar\/\\\"><img width=\\\"1280\\\" height=\\\"915\\\" src=\\\"https:\/\/www.fucap.edu.br\/wp\/wp-content\/uploads\/2020\/10\/supervisao.jpeg\\\" alt=\\\"\\\" loading=\\\"lazy\\\" \/><\/a><\/figure>\n<h3><a href=\\\"https:\/\/www.fucap.edu.br\/wp\/pos-supervisao-pedagogica-orientacao-educacional-e-gestao-escolar\/\\\">Supervis\u00e3o Pedag\u00f3gica, Orienta\u00e7\u00e3o Educacional e Gest\u00e3o Escolar<\/a><\/h3>\n<p>Carga hor\u00e1ria: 420 horas<\/br><br \/>\nModalidade: Remoto<\/p>\n<figure><a href=\\\"https:\/\/www.fucap.edu.br\/wp\/pos-transtorno-espectro-autista\/\\\"><img width=\\\"1280\\\" height=\\\"915\\\" src=\\\"https:\/\/www.fucap.edu.br\/wp\/wp-content\/uploads\/2021\/05\/posnovo.png\\\" alt=\\\"\\\" loading=\\\"lazy\\\" \/><\/a><\/figure>\n<h3><a href=\\\"https:\/\/www.fucap.edu.br\/wp\/pos-transtorno-espectro-autista\/\\\">Transtorno do Espectro Autista<\/a><\/h3>\n<p>Carga hor\u00e1ria: 480 horas<\/br><br \/>\nModalidade: Remoto<\/p>\n<figure><a href=\\\"https:\/\/www.fucap.edu.br\/wp\/pos-ensino-do-teatro\/\\\"><img width=\\\"1280\\\" height=\\\"1280\\\" src=\\\"https:\/\/www.fucap.edu.br\/wp\/wp-content\/uploads\/2021\/08\/556e596bd38a56218f7797ed36ae4db6.jpeg\\\" alt=\\\"\\\" loading=\\\"lazy\\\" \/><\/a><\/figure>\n<h3><a href=\\\"https:\/\/www.fucap.edu.br\/wp\/pos-ensino-do-teatro\/\\\">Ensino do Teatro<\/a><\/h3>\n<p>Carga hor\u00e1ria: 420horas<\/br><br \/>\nModalidade: Remoto<\/p>\n<figure><a href=\\\"https:\/\/www.fucap.edu.br\/wp\/pos-ensino-do-teatro\/\\\"><img width=\\\"696\\\" height=\\\"834\\\" src=\\\"https:\/\/www.fucap.edu.br\/wp\/wp-content\/uploads\/2022\/01\/ludicidade.jpg\\\" alt=\\\"\\\" loading=\\\"lazy\\\" \/><\/a><\/figure>\n<h3><a href=\\\"https:\/\/www.fucap.edu.br\/wp\/pos-ensino-do-teatro\/\\\">Ludicidade e Arte na Educa\u00e7\u00e3o Infantil, Ensino Fundamental e Educa\u00e7\u00e3o Inclusiva<\/a><\/h3>\n<p>Carga hor\u00e1ria: 420horas<\/br><br \/>\nModalidade: Remoto<\/p>\n<h1>Quem Faz Recomenda<\/h1>\n<h1>#posfucap<\/h1>\n<p>\t\t\t\t\t\t\t\t\t\t\t\t<img src=\\\"https:\/\/www.fucap.edu.br\/wp\/wp-content\/uploads\/elementor\/thumbs\/posimagem1-oxp4e0l7rgewyahlv4qfn2246a3o8ecf3lvc3hs1bk.png\\\" title=\\\"posimagem1\\\" alt=\\\"posimagem1\\\" \/><br \/>\n\t\t\t\t\t\t\t\t\t\t\t\t<img src=\\\"https:\/\/www.fucap.edu.br\/wp\/wp-content\/uploads\/elementor\/thumbs\/posimagem1-oxp4e0l7rgewyahlv4qfn2246a3o8ecf3lvc3hs1bk.png\\\" title=\\\"posimagem1\\\" alt=\\\"posimagem1\\\" \/>\t\t\t\t\t\t\t\t\t\t\t\t\t\t<\/p>\n<blockquote>\n<p>\\&#8221;A p\u00f3s-gradua\u00e7\u00e3o possui uma grade de conte\u00fados com temas inovadores que auxiliam o profissional da educa\u00e7\u00e3o no desenvolvimento de estrat\u00e9gias para o engajamento dos alunos na apresenta\u00e7\u00e3o de temas e aprofundamento de conte\u00fados. Os professores do curso s\u00e3o excelentes profissionais com amplo conhecimento na \u00e1rea e est\u00e3o sempre dispostos a nos auxiliar na pr\u00e1tica da doc\u00eancia.\\&#8221;<\/p>\n<\/blockquote>\n<h1 style=\\\"text-align: center;\\\">Aluna: Gilse Pickler Brati<\/h1>\n<h5 style=\\\"text-align: center;\\\">P\u00f3s-Gradua\u00e7\u00e3o em A Educa\u00e7\u00e3o Moderna: Metodologias e Tecnologias para Ensinar e Aprender<\/h5>\n<blockquote>\n<p>\\&#8221;Conhecimento t\u00e9cnico do que exp\u00f5e, mostrando que mesmo sem conhecer muito dos processos das engenharias, correlaciona com todo tipo de projeto, sendo seu profissionalismo de igual tamanho com a estrutura da Fucap Univinte. Que me faz ter certeza de que fiz uma boa escolha no curso.\\&#8221;<\/p>\n<\/blockquote>\n<p>\t\t\t\t\t\t\t\t\t\t\t\t<img src=\\\"https:\/\/www.fucap.edu.br\/wp\/wp-content\/uploads\/elementor\/thumbs\/WhatsApp-Image-2021-01-20-at-19.38.55-p1nwl54dchz99d7pm9pkwk55gedecdlvpud3ckk6nk.jpeg\\\" title=\\\"WhatsApp Image 2021-01-20 at 19.38.55\\\" alt=\\\"WhatsApp Image 2021-01-20 at 19.38.55\\\" \/>\t\t\t\t\t\t\t\t\t\t\t\t\t\t<\/p>\n<h1 style=\\\"text-align: center;\\\">Aluno: Rhobson Bruning Claudino<\/h1>\n<h5 style=\\\"text-align: center;\\\">P\u00f3s-Gradua\u00e7\u00e3o em Gest\u00e3o de Projetos<\/br><\/h5>\n<blockquote>\n<p>\\&#8221;Cada vez que assisto a uma aula do curso de MBA Gest\u00e3o de Pessoas com \u00eanfase no Coaching, sinto-me num patamar mais elevado sobre o autoconhecimento, foi muito bom ter come\u00e7ado o curso e agora valorizo este conhecimento que est\u00e1 a moldar a minha forma de trabalhar e interagir com os colegas na empresa.\\&#8221;<\/p>\n<\/blockquote>\n<p>\t\t\t\t\t\t\t\t\t\t\t\t<img src=\\\"https:\/\/www.fucap.edu.br\/wp\/wp-content\/uploads\/elementor\/thumbs\/Wfotoquadrada-p9huliitz9jismsb339vljqoakg3hcr99roaa3sb74.jpg\\\" title=\\\"Wfotoquadrada\\\" alt=\\\"Wfotoquadrada\\\" \/>\t\t\t\t\t\t\t\t\t\t\t\t\t\t<\/p>\n<h1 style=\\\"text-align: center;\\\">Aluno: Helder Faustino Carifete Andr\u00e9<\/h1>\n<h5 style=\\\"text-align: center;\\\">P\u00f3s-Gradua\u00e7\u00e3o em MBA Gest\u00e3o de Pessoas com \u00eanfase em coaching<\/h5>\n<p>[happyforms id=\\&#8221;3177\\&#8221; \/]Setor de P\u00f3s-Gradua\u00e7\u00e3o Lato Sensu<\/p>\n<p>(48) 3623-6039<\/p>\n<h3>\n\t\t\t\t\t\tWhatsapp<br \/>\n\t\t\t\t<\/h3>\n<p>\n\t\t\t\t\t\t(48) 991748134\t\t\t\t\t<\/p>\n<p>Siga a Fucap nas redes sociais:<\/p>\n<p>\t\t\t\t\t<a href=\\\"\/\/www.facebook.com\/fucap\/?epa=SEARCH_BOX\\\" target=\\\"_blank\\\" rel=\\\"noopener\\\"><br \/>\n\t\t\t\t\t\tFacebook<br \/>\n\t\t\t\t\t\t\t\t\t\t\t<\/a><br \/>\n\t\t\t\t\t<a href=\\\"\/\/twitter.com\/fucap_edu\\\" target=\\\"_blank\\\" rel=\\\"noopener\\\"><br \/>\n\t\t\t\t\t\tTwitter<br \/>\n\t\t\t\t\t\t\t\t\t\t\t<\/a><br \/>\n\t\t\t\t\t<a href=\\\"\/\/www.youtube.com\/channel\/UCz81EoOg0XR4RafpD_sfE3A\\\" target=\\\"_blank\\\" rel=\\\"noopener\\\"><br \/>\n\t\t\t\t\t\tYoutube<br \/>\n\t\t\t\t\t\t\t\t\t\t\t<\/a><br \/>\n\t\t\t\t\t<a href=\\\"\/\/www.instagram.com\/fucap_univinte\/\\\" target=\\\"_blank\\\" rel=\\\"noopener\\\"><br \/>\n\t\t\t\t\t\tInstagram<br \/>\n\t\t\t\t\t\t\t\t\t\t\t<\/a><br \/>\n\t\t\t\t\t<a href=\\\"\/\/br.linkedin.com\/in\/faculdade-fucap-362825109\\\" target=\\\"_blank\\\" rel=\\\"noopener\\\"><br \/>\n\t\t\t\t\t\tLinkedin<br \/>\n\t\t\t\t\t\t\t\t\t\t\t<\/a><\/p>\n<p>Faculdade Fucap Univinte&nbsp; &#8211; Uma faculdade Inovadora<br \/>Central de Atendimento: (48) 3623-6000 | Endere\u00e7o: Av. Nilton Augusto Sachetti, 500 &#8211; Centro<br \/>&nbsp; &nbsp; CEP 88745-000 &#8211; Capivari de Baixo &#8211; SC&nbsp; &nbsp;Brasil<\/p>\n<p>\t\t\t\t\t\t\t\t\t\t\t\t\t<a href=\\\"\/\/www.fucap.edu.br\/wp\/\\\"><br \/>\n\t\t\t\t\t\t\t<img width=\\\"194\\\" height=\\\"74\\\" src=\\\"https:\/\/www.fucap.edu.br\/wp\/wp-content\/uploads\/2019\/03\/logo-otimizada-rodape.png\\\" alt=\\\"\\\" loading=\\\"lazy\\\" \/>\t\t\t\t\t\t\t\t<\/a><br \/>\n\t\t\u00a9 2019 Faculdades Fucap. Todos os direitos reservados.\u00a0<br \/>\n\t\t\t\t\t\t\t\t\t\t\t\t\t<a href=\\\"\/\/www.facebook.com\/cretivedessign\/\\\" target=\\\"_blank\\\" rel=\\\"noopener\\\"><br \/>\n\t\t\t\t\t\t\t<img width=\\\"225\\\" height=\\\"69\\\" src=\\\"https:\/\/www.fucap.edu.br\/wp\/wp-content\/uploads\/2020\/01\/m7ux-logo-branca.png\\\" alt=\\\"\\\" loading=\\\"lazy\\\" \/>\t\t\t\t\t\t\t\t<\/a><\/p>\n","protected":false},"excerpt":{"rendered":"<p>P\u00d3S-GRADUA\u00c7\u00c3O Lato Sensu Alfabetiza\u00e7\u00e3o e Letramento Carga hor\u00e1ria: 420 horas Modalidade: Remoto Arte e Educa\u00e7\u00e3o Carga hor\u00e1ria: 420 horas Modalidade: Remoto A Educa\u00e7\u00e3o Moderna: Metodologias e tecnologias para ensinar e aprender Carga hor\u00e1ria: 420 horas Modalidade: Remoto Arqueologia e Patrim\u00f4nio Cultural Carga hor\u00e1ria: 420 horas Modalidade: Presencial Atendimento Familiar Sist\u00eamico Carga hor\u00e1ria: 420 horas Modalidade: [&hellip;]<\/p>\n","protected":false},"author":1,"featured_media":0,"parent":0,"menu_order":0,"comment_status":"closed","ping_status":"closed","template":"","meta":{"site-sidebar-layout":"default","site-content-layout":"","ast-site-content-layout":"default","site-content-style":"default","site-sidebar-style":"default","ast-global-header-display":"","ast-banner-title-visibility":"","ast-main-header-display":"","ast-hfb-above-header-display":"","ast-hfb-below-header-display":"","ast-hfb-mobile-header-display":"","site-post-title":"","ast-breadcrumbs-content":"","ast-featured-img":"","footer-sml-layout":"","ast-disable-related-posts":"","theme-transparent-header-meta":"","adv-header-id-meta":"","stick-header-meta":"","header-above-stick-meta":"","header-main-stick-meta":"","header-below-stick-meta":"","astra-migrate-meta-layouts":"default","ast-page-background-enabled":"default","ast-page-background-meta":{"desktop":{"background-color":"var(--ast-global-color-4)","background-image":"","background-repeat":"repeat","background-position":"center center","background-size":"auto","background-attachment":"scroll","background-type":"","background-media":"","overlay-type":"","overlay-color":"","overlay-opacity":"","overlay-gradient":""},"tablet":{"background-color":"","background-image":"","background-repeat":"repeat","background-position":"center center","background-size":"auto","background-attachment":"scroll","background-type":"","background-media":"","overlay-type":"","overlay-color":"","overlay-opacity":"","overlay-gradient":""},"mobile":{"background-color":"","background-image":"","background-repeat":"repeat","background-position":"center center","background-size":"auto","background-attachment":"scroll","background-type":"","background-media":"","overlay-type":"","overlay-color":"","overlay-opacity":"","overlay-gradient":""}},"ast-content-background-meta":{"desktop":{"background-color":"var(--ast-global-color-5)","background-image":"","background-repeat":"repeat","background-position":"center center","background-size":"auto","background-attachment":"scroll","background-type":"","background-media":"","overlay-type":"","overlay-color":"","overlay-opacity":"","overlay-gradient":""},"tablet":{"background-color":"var(--ast-global-color-5)","background-image":"","background-repeat":"repeat","background-position":"center center","background-size":"auto","background-attachment":"scroll","background-type":"","background-media":"","overlay-type":"","overlay-color":"","overlay-opacity":"","overlay-gradient":""},"mobile":{"background-color":"var(--ast-global-color-5)","background-image":"","background-repeat":"repeat","background-position":"center center","background-size":"auto","background-attachment":"scroll","background-type":"","background-media":"","overlay-type":"","overlay-color":"","overlay-opacity":"","overlay-gradient":""}},"footnotes":""},"class_list":["post-33","page","type-page","status-publish","hentry"],"rttpg_featured_image_url":null,"rttpg_author":{"display_name":"contato","author_link":"https:\/\/univinte.edu.br\/portal\/author\/contato\/"},"rttpg_comment":0,"rttpg_category":null,"rttpg_excerpt":"P\u00d3S-GRADUA\u00c7\u00c3O Lato Sensu Alfabetiza\u00e7\u00e3o e Letramento Carga hor\u00e1ria: 420 horas Modalidade: Remoto Arte e Educa\u00e7\u00e3o Carga hor\u00e1ria: 420 horas Modalidade: Remoto A Educa\u00e7\u00e3o Moderna: Metodologias e tecnologias para ensinar e aprender Carga hor\u00e1ria: 420 horas Modalidade: Remoto Arqueologia e Patrim\u00f4nio Cultural Carga hor\u00e1ria: 420 horas Modalidade: Presencial Atendimento Familiar Sist\u00eamico Carga hor\u00e1ria: 420 horas Modalidade:&hellip;","_links":{"self":[{"href":"https:\/\/univinte.edu.br\/portal\/wp-json\/wp\/v2\/pages\/33","targetHints":{"allow":["GET"]}}],"collection":[{"href":"https:\/\/univinte.edu.br\/portal\/wp-json\/wp\/v2\/pages"}],"about":[{"href":"https:\/\/univinte.edu.br\/portal\/wp-json\/wp\/v2\/types\/page"}],"author":[{"embeddable":true,"href":"https:\/\/univinte.edu.br\/portal\/wp-json\/wp\/v2\/users\/1"}],"replies":[{"embeddable":true,"href":"https:\/\/univinte.edu.br\/portal\/wp-json\/wp\/v2\/comments?post=33"}],"version-history":[{"count":0,"href":"https:\/\/univinte.edu.br\/portal\/wp-json\/wp\/v2\/pages\/33\/revisions"}],"wp:attachment":[{"href":"https:\/\/univinte.edu.br\/portal\/wp-json\/wp\/v2\/media?parent=33"}],"curies":[{"name":"wp","href":"https:\/\/api.w.org\/{rel}","templated":true}]}}