{"id":3527,"date":"2019-06-19T14:59:46","date_gmt":"2019-06-19T17:59:46","guid":{"rendered":"http:\/\/univinte.edu.br\/portal\/index.php\/processos-gerenciais-ead2\/"},"modified":"2019-06-19T14:59:46","modified_gmt":"2019-06-19T17:59:46","slug":"processos-gerenciais-ead2","status":"publish","type":"page","link":"https:\/\/univinte.edu.br\/portal\/processos-gerenciais-ead2\/","title":{"rendered":"Processos Gerenciais EAD"},"content":{"rendered":"<p><img width=\\\"1600\\\" height=\\\"350\\\" src=\\\"http:\/\/www.fucap.edu.br\/wp\/wp-content\/uploads\/2019\/05\/banner-ead-pg.jpg\\\" alt=\\\"\\\" srcset=\\\"https:\/\/i2.wp.com\/www.fucap.edu.br\/wp\/wp-content\/uploads\/2019\/05\/banner-ead-pg.jpg?w=1600 1600w, https:\/\/i1.wp.com\/www.fucap.edu.br\/wp\/wp-content\/uploads\/2019\/05\/banner-ead-pg.jpg?resize=300%2C66 300w, https:\/\/i0.wp.com\/www.fucap.edu.br\/wp\/wp-content\/uploads\/2019\/05\/banner-ead-pg.jpg?resize=768%2C168 768w, https:\/\/i0.wp.com\/www.fucap.edu.br\/wp\/wp-content\/uploads\/2019\/05\/banner-ead-pg.jpg?resize=1024%2C224 1024w\\\" sizes=\\\"(max-width: 1600px) 100vw, 1600px\\\" \/>\t\t\t\t\t\t\t\t\t\t\t<\/p>\n<h2>O curso de Tecn\u00f3logo em Processos Gerenciais da Faculdade Capivari<\/h2>\n<p>O Curso objetiva formar profissionais que possam atuar numa carreira t\u00e9cnico-gerencial dentro de um dos setores dos neg\u00f3cios p\u00fablicos ou privados tais como: marketing, finan\u00e7as, produ\u00e7\u00e3o, recursos humanos, log\u00edstica, mercado de capitais, agroneg\u00f3cios, com\u00e9rcio exterior, como empreendedores e gestores de seus pr\u00f3prios neg\u00f3cios.<\/p>\n<h2>O Perfil Profissional para quem faz Tecn\u00f3logo em Processos Gerenciais<\/h2>\n<p>Desenvolver compet\u00eancia gerencial e t\u00e9cnica que permita a compreens\u00e3o dos novos paradigmas econ\u00f4micos, tecnol\u00f3gicos, e da din\u00e2mica organizacional.<\/p>\n<ul id=\\\"eael-feature-list-f4eed42\\\">\n<li>\n<h3                        >Titula\u00e7\u00e3o do Curso<\/h3                    >\n<p> Tecn\u00f3logo em Processos Gerenciais<\/p>\n<\/li>\n<li>\n<h3                        >Atos Regulat\u00f3rios<\/h3                    >\n<p>Portaria\/MEC de Autoriza\u00e7\u00e3o n\u00ba 1010 \u2013 DOU de 20\/05\/2019<\/p>\n<\/li>\n<li>\n<h3                        >Carga Hor\u00e1ria<\/h3                    >\n<p>1720 horas<\/p>\n<\/li>\n<li>\n<h3                        >Dura\u00e7\u00e3o<\/h3                    >\n<p>2 anos &#8211; 4 semestres<\/p>\n<\/li>\n<\/ul>\n<h2>Matriz Curricular<\/h2>\n<p>\t\t\t\t\t1\u00b0 SEMESTRE<\/p>\n<p><p>Fundamentos de Matem\u00e1tica 4 80 h\/a Claudin\u00e9ia da Silva de Oliveira<br \/>\u00a0Introdu\u00e7\u00e3o \u00e0 Educa\u00e7\u00e3o \u00e0 Dist\u00e2ncia &#8211; EaD 4 80 h\/a Oscar Pedro Neves Jr <br \/>Leitura e Interpreta\u00e7\u00e3o de Textos 4 80 h\/a Joana D\\&#8217;Arc de Souza <br \/>Modelos de Gest\u00e3o 4 80 h\/a Diego Passoni <br \/>Teoria da Administra\u00e7\u00e3o 4 80 h\/a Murilo Ternes<\/p>\n<\/p>\n<p>\t\t\t\t\t2\u00b0 SEMESTRE<\/p>\n<p><p>Comportamento Organizacional 4 80 h\/a Beeatriz Marcondes de Azevedo<br \/>\u00a0Contabilidade B\u00e1sica 4 80 h\/a Maria Aparecida Cardozo <br \/>Empreendedorismo 4 80 h\/a Emillie Michels <br \/>Gest\u00e3o da Produ\u00e7\u00e3o 4 80 h\/a Fernanda Kempner Moreira <br \/>Sistema de Informa\u00e7\u00e3o Gerencial 4 80 h\/a Oscar Pedro Neves Jr<\/p>\n<\/p>\n<p>\t\t\t\t\t3\u00b0 SEMESTRE<\/p>\n<p><p>Administra\u00e7\u00e3o de Marketing 4 80 h\/a Eliane Duarte Ferreira <br \/>Direito do Trabalho e Legisla\u00e7\u00e3o Social 4 80 h\/a Alessandro de Medeiros<br \/>\u00a0Estudos Culturais e Antropol\u00f3gicos 4 80 h\/a Jo\u00e3o Pedro Tavares Filho <br \/>Gest\u00e3o de Custos 4 80 h\/a Edilson Citadin Rabelo <br \/>Log\u00edstica 4 80 h\/a Magda Ternes Dittrich<\/p>\n<\/p>\n<p>\t\t\t\t\t4\u00b0 SEMESTRE<\/p>\n<p><p>Administra\u00e7\u00e3o Financeira 4 100 h\/a Fabiano Pires de Oliveira<br \/>\u00a0Fundamentos de Economia 4 80 h\/a Nelson Granemann Casagrande <br \/>Gest\u00e3o Ambiental 4 100 h\/a Jos\u00e9 Antonio da Silva Santos<br \/>\u00a0Planejamento Estrat\u00e9gico 4 80 h\/a Ilane Frank Dias <br \/>Disciplina Optativa* 4 80 h\/a &#8211; Atividades Complementares 120 horas <br \/>Soma: 1720 HORAS<br \/>\u00a0* T\u00f3picos Especiais em Processos Gerenciais Fernanda Kempner Moreira <br \/>* Hist\u00f3ria e Cultura Afro-brasileira e Ind\u00edgena Joana D\\&#8217;Arc de Souza <br \/>* L\u00edngua Brasileira de Sinais &#8211; LIBRAS Antonio Cesar de Borba<\/p>\n<\/p>\n<figure><a href=\\\"\/\/www.fucap.edu.br\/wp\/wp-content\/uploads\/2019\/06\/grad_proc_gerenciais.pdf\\\" target=\\\"_blank\\\" rel=\\\"noopener noreferrer\\\"><img width=\\\"150\\\" height=\\\"150\\\" src=\\\"http:\/\/www.fucap.edu.br\/wp\/wp-content\/uploads\/2019\/05\/icon-pdf-150x150.png\\\" alt=\\\"\\\" srcset=\\\"https:\/\/i2.wp.com\/www.fucap.edu.br\/wp\/wp-content\/uploads\/2019\/05\/icon-pdf.png?resize=150%2C150 150w, https:\/\/i2.wp.com\/www.fucap.edu.br\/wp\/wp-content\/uploads\/2019\/05\/icon-pdf.png?resize=300%2C300 300w, https:\/\/i2.wp.com\/www.fucap.edu.br\/wp\/wp-content\/uploads\/2019\/05\/icon-pdf.png?resize=350%2C350 350w, https:\/\/i2.wp.com\/www.fucap.edu.br\/wp\/wp-content\/uploads\/2019\/05\/icon-pdf.png?w=512 512w\\\" sizes=\\\"(max-width: 150px) 100vw, 150px\\\" \/><\/a><\/figure>\n<h3><a href=\\\"\/\/www.fucap.edu.br\/wp\/wp-content\/uploads\/2019\/06\/grad_proc_gerenciais.pdf\\\" target=\\\"_blank\\\" rel=\\\"noopener noreferrer\\\">Imprimir Grade <\/a><\/h3>\n<p>a<\/p>\n<h2>Inscri\u00e7\u00e3o Gratuita<\/h2>\n<p><p>Fa\u00e7a a diferen\u00e7a estudando na Univinte Fucap nos cursos presenciais ou Ead. <strong>Comece agora e garanta sua vaga.<\/strong><\/p>\n<p><strong>PROCESSOS GERENCIAIS &#8211; EaD<\/strong><\/p>\n<\/p>\n<p>\t\t\t    <a href=\\\"\/\/www.fucap.edu.br\/inscricao\/\\\"  >Inscreva-se<\/a><\/p>\n<p>Escolhi estudar na Fucap pelo custo benef\u00edcio e por diversas conversas com ex-alunos que me mostraram a qualidade de estudo que temos na regi\u00e3o.<\/p>\n<p><img width=\\\"150\\\" height=\\\"150\\\" src=\\\"http:\/\/www.fucap.edu.br\/wp\/wp-content\/uploads\/2019\/05\/img-blockcard-3-150x150.png\\\" alt=\\\"\\\" srcset=\\\"https:\/\/i0.wp.com\/www.fucap.edu.br\/wp\/wp-content\/uploads\/2019\/05\/img-blockcard-3.png?resize=150%2C150 150w, https:\/\/i0.wp.com\/www.fucap.edu.br\/wp\/wp-content\/uploads\/2019\/05\/img-blockcard-3.png?w=300 300w\\\" sizes=\\\"(max-width: 150px) 100vw, 150px\\\" \/><!-- .lae-image-wrapper --><\/p>\n<h4>ANDR\u00c9 MACHADO<\/h4>\n<p>Administra\u00e7\u00e3o <!-- .lae-testimonial-user --><!-- .lae-testimonial --><!-- .lae-testimonial-wrapper.lae-slide --><\/p>\n<p>A Fucap me trouxe v\u00e1rias oportunidades. Optei pelo curso de engenharia pela qualidade de ensino dos professores e o \u00f3timo atendimento dos colaboradores.\u00a0<\/p>\n<p><img width=\\\"150\\\" height=\\\"150\\\" src=\\\"http:\/\/www.fucap.edu.br\/wp\/wp-content\/uploads\/2019\/05\/img-blockcard-4-150x150.png\\\" alt=\\\"\\\" srcset=\\\"https:\/\/i1.wp.com\/www.fucap.edu.br\/wp\/wp-content\/uploads\/2019\/05\/img-blockcard-4.png?resize=150%2C150 150w, https:\/\/i2.wp.com\/www.fucap.edu.br\/wp\/wp-content\/uploads\/2019\/05\/img-blockcard-4.png?w=300 300w\\\" sizes=\\\"(max-width: 150px) 100vw, 150px\\\" \/><!-- .lae-image-wrapper --><\/p>\n<h4>ALICE MACHADO<\/h4>\n<p>Engenharia Civil<!-- .lae-testimonial-user --><!-- .lae-testimonial --><!-- .lae-testimonial-wrapper.lae-slide --><\/p>\n<p>O motivo pelo qual escolhi estudar na Fucap porque ela foi a pioneira no Engenharia de Produ\u00e7\u00e3o na nossa Regi\u00e3o.<\/p>\n<p><img width=\\\"150\\\" height=\\\"150\\\" src=\\\"http:\/\/www.fucap.edu.br\/wp\/wp-content\/uploads\/2019\/05\/img-blockcard-5-150x150.png\\\" alt=\\\"\\\" srcset=\\\"https:\/\/i1.wp.com\/www.fucap.edu.br\/wp\/wp-content\/uploads\/2019\/05\/img-blockcard-5.png?resize=150%2C150 150w, https:\/\/i0.wp.com\/www.fucap.edu.br\/wp\/wp-content\/uploads\/2019\/05\/img-blockcard-5.png?w=300 300w\\\" sizes=\\\"(max-width: 150px) 100vw, 150px\\\" \/><!-- .lae-image-wrapper --><\/p>\n<h4>GLAUCO BORGES<\/h4>\n<p>Engenharia de Produ\u00e7\u00e3o<!-- .lae-testimonial-user --><!-- .lae-testimonial --><!-- .lae-testimonial-wrapper.lae-slide --><!-- .lae-slides --><!-- .lae-testimonials-slider --><br \/>\n\t\t[happyforms id=\\&#8221;3177\\&#8221; \/]<\/p>\n<p>CENTRAL DE ATENDIMENTO<\/p>\n<p>(48) 3623-6000<\/p>\n<h3>\n\t\t\t\t\tWhatsApp<br \/>\n\t\t\t\t<\/h3>\n<p>98826-2029<\/p>\n<p>Siga a Fucap nas redes sociais:<\/p>\n<p>\t\t\t\t\t\t\t<a href=\\\"\/\/www.facebook.com\/fucap\/?epa=SEARCH_BOX\\\" target=\\\"_blank\\\" rel=\\\"noopener noreferrer\\\"><br \/>\n\t\t\t\t\tFacebook<br \/>\n\t\t\t\t<\/a><br \/>\n\t\t\t\t\t\t\t<a href=\\\"\/\/twitter.com\/fucap_edu\\\" target=\\\"_blank\\\" rel=\\\"noopener noreferrer\\\"><br \/>\n\t\t\t\t\tTwitter<br \/>\n\t\t\t\t<\/a><br \/>\n\t\t\t\t\t\t\t<a href=\\\"\/\/www.youtube.com\/channel\/UCz81EoOg0XR4RafpD_sfE3A\\\" target=\\\"_blank\\\" rel=\\\"noopener noreferrer\\\"><br \/>\n\t\t\t\t\tYoutube<br \/>\n\t\t\t\t<\/a><br \/>\n\t\t\t\t\t\t\t<a href=\\\"\/\/www.instagram.com\/fucap_univinte\/\\\" target=\\\"_blank\\\" rel=\\\"noopener noreferrer\\\"><br \/>\n\t\t\t\t\tInstagram<br \/>\n\t\t\t\t<\/a><br \/>\n\t\t\t\t\t\t\t<a href=\\\"\/\/br.linkedin.com\/in\/faculdade-fucap-362825109\\\" target=\\\"_blank\\\" rel=\\\"noopener noreferrer\\\"><br \/>\n\t\t\t\t\tLinkedin<br \/>\n\t\t\t\t<\/a><\/p>\n<p>\u00a0<\/p>\n<p>Faculdade Fucap Univinte\u00a0 &#8211; Uma faculdade Inovadora<br \/>Central de Atendimento: (48) 3623-6000 | Endere\u00e7o: Av. Na\u00e7\u00f5es Unidas, 500 &#8211; Centro<br \/>\u00a0 \u00a0 CEP 88745-000 &#8211; Capivari de Baixo &#8211; SC\u00a0 \u00a0Brasil<\/p>\n<p>\t\t\t\t\t\t\t\t\t\t\t<a href=\\\"\/\/www.fucap.edu.br\/wp\/\\\" data-elementor-open-lightbox=\\\"\\\"><br \/>\n\t\t\t\t\t\t\t<img width=\\\"194\\\" height=\\\"74\\\" src=\\\"http:\/\/www.fucap.edu.br\/wp\/wp-content\/uploads\/2019\/03\/logo-otimizada-rodape.png\\\" alt=\\\"\\\" \/>\t\t\t\t\t\t\t\t<\/a><br \/>\n\t\t\u00a9 2019 Faculdades Fucap. Todos os direitos reservados.\u00a0<br \/>\n\t\t\t\t\t\t\t\t\t\t\t<a href=\\\"\/\/www.facebook.com\/cretivedessign\/\\\" data-elementor-open-lightbox=\\\"\\\" target=\\\"_blank\\\" rel=\\\"noopener noreferrer\\\"><br \/>\n\t\t\t\t\t\t\t<img width=\\\"276\\\" height=\\\"179\\\" src=\\\"http:\/\/www.fucap.edu.br\/wp\/wp-content\/uploads\/2019\/06\/logo-ass-site.png\\\" alt=\\\"\\\" \/>\t\t\t\t\t\t\t\t<\/a><\/p>\n","protected":false},"excerpt":{"rendered":"<p>O curso de Tecn\u00f3logo em Processos Gerenciais da Faculdade Capivari O Curso objetiva formar profissionais que possam atuar numa carreira t\u00e9cnico-gerencial dentro de um dos setores dos neg\u00f3cios p\u00fablicos ou privados tais como: marketing, finan\u00e7as, produ\u00e7\u00e3o, recursos humanos, log\u00edstica, mercado de capitais, agroneg\u00f3cios, com\u00e9rcio exterior, como empreendedores e gestores de seus pr\u00f3prios neg\u00f3cios. O Perfil [&hellip;]<\/p>\n","protected":false},"author":1,"featured_media":0,"parent":0,"menu_order":0,"comment_status":"closed","ping_status":"closed","template":"","meta":{"site-sidebar-layout":"default","site-content-layout":"","ast-site-content-layout":"default","site-content-style":"default","site-sidebar-style":"default","ast-global-header-display":"","ast-banner-title-visibility":"","ast-main-header-display":"","ast-hfb-above-header-display":"","ast-hfb-below-header-display":"","ast-hfb-mobile-header-display":"","site-post-title":"","ast-breadcrumbs-content":"","ast-featured-img":"","footer-sml-layout":"","ast-disable-related-posts":"","theme-transparent-header-meta":"","adv-header-id-meta":"","stick-header-meta":"","header-above-stick-meta":"","header-main-stick-meta":"","header-below-stick-meta":"","astra-migrate-meta-layouts":"default","ast-page-background-enabled":"default","ast-page-background-meta":{"desktop":{"background-color":"var(--ast-global-color-4)","background-image":"","background-repeat":"repeat","background-position":"center center","background-size":"auto","background-attachment":"scroll","background-type":"","background-media":"","overlay-type":"","overlay-color":"","overlay-opacity":"","overlay-gradient":""},"tablet":{"background-color":"","background-image":"","background-repeat":"repeat","background-position":"center center","background-size":"auto","background-attachment":"scroll","background-type":"","background-media":"","overlay-type":"","overlay-color":"","overlay-opacity":"","overlay-gradient":""},"mobile":{"background-color":"","background-image":"","background-repeat":"repeat","background-position":"center center","background-size":"auto","background-attachment":"scroll","background-type":"","background-media":"","overlay-type":"","overlay-color":"","overlay-opacity":"","overlay-gradient":""}},"ast-content-background-meta":{"desktop":{"background-color":"var(--ast-global-color-5)","background-image":"","background-repeat":"repeat","background-position":"center center","background-size":"auto","background-attachment":"scroll","background-type":"","background-media":"","overlay-type":"","overlay-color":"","overlay-opacity":"","overlay-gradient":""},"tablet":{"background-color":"var(--ast-global-color-5)","background-image":"","background-repeat":"repeat","background-position":"center center","background-size":"auto","background-attachment":"scroll","background-type":"","background-media":"","overlay-type":"","overlay-color":"","overlay-opacity":"","overlay-gradient":""},"mobile":{"background-color":"var(--ast-global-color-5)","background-image":"","background-repeat":"repeat","background-position":"center center","background-size":"auto","background-attachment":"scroll","background-type":"","background-media":"","overlay-type":"","overlay-color":"","overlay-opacity":"","overlay-gradient":""}},"footnotes":""},"class_list":["post-3527","page","type-page","status-publish","hentry"],"rttpg_featured_image_url":null,"rttpg_author":{"display_name":"contato","author_link":"https:\/\/univinte.edu.br\/portal\/author\/contato\/"},"rttpg_comment":0,"rttpg_category":null,"rttpg_excerpt":"O curso de Tecn\u00f3logo em Processos Gerenciais da Faculdade Capivari O Curso objetiva formar profissionais que possam atuar numa carreira t\u00e9cnico-gerencial dentro de um dos setores dos neg\u00f3cios p\u00fablicos ou privados tais como: marketing, finan\u00e7as, produ\u00e7\u00e3o, recursos humanos, log\u00edstica, mercado de capitais, agroneg\u00f3cios, com\u00e9rcio exterior, como empreendedores e gestores de seus pr\u00f3prios neg\u00f3cios. O Perfil&hellip;","_links":{"self":[{"href":"https:\/\/univinte.edu.br\/portal\/wp-json\/wp\/v2\/pages\/3527","targetHints":{"allow":["GET"]}}],"collection":[{"href":"https:\/\/univinte.edu.br\/portal\/wp-json\/wp\/v2\/pages"}],"about":[{"href":"https:\/\/univinte.edu.br\/portal\/wp-json\/wp\/v2\/types\/page"}],"author":[{"embeddable":true,"href":"https:\/\/univinte.edu.br\/portal\/wp-json\/wp\/v2\/users\/1"}],"replies":[{"embeddable":true,"href":"https:\/\/univinte.edu.br\/portal\/wp-json\/wp\/v2\/comments?post=3527"}],"version-history":[{"count":0,"href":"https:\/\/univinte.edu.br\/portal\/wp-json\/wp\/v2\/pages\/3527\/revisions"}],"wp:attachment":[{"href":"https:\/\/univinte.edu.br\/portal\/wp-json\/wp\/v2\/media?parent=3527"}],"curies":[{"name":"wp","href":"https:\/\/api.w.org\/{rel}","templated":true}]}}