{"id":6465,"date":"2022-03-17T15:42:21","date_gmt":"2022-03-17T18:42:21","guid":{"rendered":"http:\/\/univinte.edu.br\/portal\/index.php\/graduacao\/biomedicina\/"},"modified":"2022-03-17T15:42:21","modified_gmt":"2022-03-17T18:42:21","slug":"biomedicina","status":"publish","type":"page","link":"https:\/\/univinte.edu.br\/portal\/graduacao\/biomedicina\/","title":{"rendered":"Biomedicina"},"content":{"rendered":"<p><img src=\\\"https:\/\/www.fucap.edu.br\/wp\/wp-content\/uploads\/2022\/02\/ED.png\\\" title=\\\"ED\\\" alt=\\\"ED\\\" \/><br \/>\n\t\t\t<a href=\\\"https:\/\/cdn.awsli.com.br\/652\/652893\/arquivos\/760%20-%20Curso%20de%20Bacharel%20em%20Biomedicina%20-%20EaD.pdf\\\" target=\\\"_blank\\\" role=\\\"button\\\" rel=\\\"noopener\\\"><br \/>\n\t\t\t\t\t\tGrade Curricular<br \/>\n\t\t\t\t\t<\/a><\/p>\n<h1 style=\\\"padding-left: 60px;\\\">\u00a0<\/h1>\n<h2><strong>O Curso<\/strong><\/h2>\n<p><strong>Objetivo do curso:<\/strong><\/p>\n<p>O curso de Biomedicina da Fucap, alinhado ao perfil profissional do egresso, a estrutura curricular, o contexto educacional, as caracter\u00edsticas locais e regionais e as novas pr\u00e1ticas emergentes no campo do conhecimento do curso t\u00eam como objetivo formar Biom\u00e9dicos dedicados, respons\u00e1veis e de confian\u00e7a, com perfil generalista, humanista, cr\u00edtico e reflexivo, para atuar em todos os n\u00edveis de aten\u00e7\u00e3o \u00e0 sa\u00fade, com base no rigor cient\u00edfico e intelectual. Capacitados ao exerc\u00edcio de atividades referentes \u00e0s an\u00e1lises cl\u00ednicas, citologia onc\u00f3tica, an\u00e1lises hematol\u00f3gicas, an\u00e1lises moleculares, produ\u00e7\u00e3o e an\u00e1lise de bioderivados, an\u00e1lises bromatol\u00f3gicas, an\u00e1lises ambientais, bioengenharia e an\u00e1lise por imagem, pautado em princ\u00edpios \u00e9ticos e na compreens\u00e3o da realidade social, cultural e econ\u00f4mica do seu meio, dirigindo sua atua\u00e7\u00e3o para a transforma\u00e7\u00e3o da realidade em benef\u00edcio da sociedade local e regional e aptos a incorporar em sua forma\u00e7\u00e3o e atua\u00e7\u00e3o profissional as pr\u00e1ticas emergentes de seu campo de trabalho.\u00a0<\/p>\n<p><strong><br \/>Perfil do profissional:<\/strong><\/p>\n<p>O perfil do egresso do curso enseja profissionais Biom\u00e9dicos dedicados, respons\u00e1veis e de confian\u00e7a, com perfil generalista, humanista, cr\u00edtico e reflexivo, para atuar em todos os n\u00edveis de aten\u00e7\u00e3o \u00e0 sa\u00fade, com base no rigor cient\u00edfico e intelectual. Capacitado ao exerc\u00edcio de atividades referentes \u00e0s an\u00e1lises cl\u00ednicas, citologia onc\u00f3tica, an\u00e1lises hematol\u00f3gicas, an\u00e1lises moleculares, produ\u00e7\u00e3o e an\u00e1lise de bioderivados, an\u00e1lises bromatol\u00f3gicas, an\u00e1lises ambientais, bioengenharia e an\u00e1lise por imagem, pautado em princ\u00edpios \u00e9ticos e na compreens\u00e3o da realidade social, cultural e econ\u00f4mica do seu meio, dirigindo sua atua\u00e7\u00e3o para a transforma\u00e7\u00e3o da realidade em benef\u00edcio da sociedade local e regional e aptos a incorporar em sua forma\u00e7\u00e3o e atua\u00e7\u00e3o profissional as pr\u00e1ticas emergentes de seu campo de trabalho.<\/p>\n<p>\u00a0<\/p>\n<p><strong>Campo de atua\u00e7\u00e3o do profissional:<\/strong><\/p>\n<p>\u00c9 ampla a \u00e1rea de atua\u00e7\u00e3o do biom\u00e9dico. No exerc\u00edcio de suas atividades, legalmente habilitado na forma da legisla\u00e7\u00e3o espec\u00edfica, o Biom\u00e9dico poder\u00e1 atuar em: Acupuntura; An\u00e1lise Ambiental; An\u00e1lises Bromatol\u00f3gicas; Microbiologia de Alimentos; Auditoria; Banco de Sangue; Biologia Molecular; Biomedicina Est\u00e9tica; Bioqu\u00edmica; Citologia onc\u00f3tica; Doc\u00eancia e Pesquisa: Anatomia Humana, Biof\u00edsica, Embriologia, Fisiologia, Histologia Humana, Patologia, Psicobiologia e Virologia; Embriologia e Reprodu\u00e7\u00e3o Humana; Farmacologia; Fisiologia do Esporte e da Pr\u00e1tica do Exerc\u00edcio F\u00edsico; Gen\u00e9tica; Gest\u00e3o das Tecnologias em Sa\u00fade; Hematologia; Histotecnologia Cl\u00ednica; Imagenologia; Imunologia; Inform\u00e1tica de Sa\u00fade; Microbiologia; Monitoramento Neurofisiol\u00f3gico Transoperat\u00f3rio; Parasitologia; Patologia Cl\u00ednica -An\u00e1lises Cl\u00ednicas; Perfus\u00e3o Extracorp\u00f3rea; Pr\u00e1ticas Integrativas e An\u00e1lises Cl\u00ednicas; Radiologia; Sanitarista; Sa\u00fade P\u00fablica e Toxicologia.<\/p>\n<p style=\\\"margin-bottom: 10px; color: #666666; font-family: Lato; font-size: 12px; font-style: normal; font-variant-ligatures: normal; font-variant-caps: normal; font-weight: 400; text-align: start;\\\">.<\/p>\n<p>\u00a0\t\t<\/p>\n<ul>\n<li>\n\t\t\t\t\t\t\t\t\t\t\t<a href=\\\"\/\/www.fucap.edu.br\/inscricao\/\\\"><br \/>\n\t\t\t\t\t\t\t\t\t\tInscri\u00e7\u00f5es Abertas<br \/>\n\t\t\t\t\t\t\t\t\t\t\t<\/a>\n\t\t\t\t\t\t\t\t\t<\/li>\n<\/ul>\n<ul>\n<li>\n\t\t\t\t\t\t\t\t\t\t\t<a href=\\\"\/\/www.fucap.edu.br\/wp\/bolsas-e-financiamentos\/\\\"><br \/>\n\t\t\t\t\t\t\t\t\t\t\tBolsas e Financiamentos<br \/>\n\t\t\t\t\t\t\t\t\t\t\t<\/a>\n\t\t\t\t\t\t\t\t\t<\/li>\n<\/ul>\n<ul>\n<li>\n\t\t\t\t\t\t\t\t\t\t\t<a href=\\\"https:\/\/www.univinte.com.br\/curso-de-administracao\\\" target=\\\"_blank\\\" rel=\\\"noopener\\\"><br \/>\n\t\t\t\t\t\t\t\t\t\tSala de Matr\u00edcula<br \/>\n\t\t\t\t\t\t\t\t\t\t\t<\/a>\n\t\t\t\t\t\t\t\t\t<\/li>\n<\/ul>\n<h2>DADOS DO CURSO<\/h2>\n<h3>\n\t\t\t\t\t\tTitula\u00e7\u00e3o<br \/>\n\t\t\t\t<\/h3>\n<p>\n\t\t\t\t\t\tBiomedicina (Bacharel):&nbsp;Autorizado pela Portaria Ministerial n\u00ba 1.256 de 18\/11\/2021, D.O.U. n\u00ba 217, Se\u00e7\u00e3o 1, p\u00e1g. 130, publicado em 19\/11\/2021.\t\t\t\t\t<\/p>\n<h3>\n\t\t\t\t\t\tAtos Regulat\u00f3rios<br \/>\n\t\t\t\t<\/h3>\n<h3>\n\t\t\t\t\t\tConceito<br \/>\n\t\t\t\t<\/h3>\n<h3>\n\t\t\t\t\t\tCarga Hor\u00e1ria<br \/>\n\t\t\t\t<\/h3>\n<h3>\n\t\t\t\t\t\tDura\u00e7\u00e3o<br \/>\n\t\t\t\t<\/h3>\n<p>\n\t\t\t\t\t\t4 anos\t\t\t\t\t<\/p>\n<p>Siga a Fucap nas redes sociais:<\/p>\n<p>\t\t\t\t\t<a href=\\\"\/\/www.facebook.com\/fucap\/?epa=SEARCH_BOX\\\" target=\\\"_blank\\\" rel=\\\"noopener\\\"><br \/>\n\t\t\t\t\t\tFacebook<br \/>\n\t\t\t\t\t\t\t\t\t\t\t<\/a><br \/>\n\t\t\t\t\t<a href=\\\"\/\/twitter.com\/fucap_edu\\\" target=\\\"_blank\\\" rel=\\\"noopener\\\"><br \/>\n\t\t\t\t\t\tTwitter<br \/>\n\t\t\t\t\t\t\t\t\t\t\t<\/a><br \/>\n\t\t\t\t\t<a href=\\\"\/\/www.youtube.com\/channel\/UCz81EoOg0XR4RafpD_sfE3A\\\" target=\\\"_blank\\\" rel=\\\"noopener\\\"><br \/>\n\t\t\t\t\t\tYoutube<br \/>\n\t\t\t\t\t\t\t\t\t\t\t<\/a><br \/>\n\t\t\t\t\t<a href=\\\"\/\/www.instagram.com\/fucap_univinte\/\\\" target=\\\"_blank\\\" rel=\\\"noopener\\\"><br \/>\n\t\t\t\t\t\tInstagram<br \/>\n\t\t\t\t\t\t\t\t\t\t\t<\/a><br \/>\n\t\t\t\t\t<a href=\\\"\/\/br.linkedin.com\/in\/faculdade-fucap-362825109\\\" target=\\\"_blank\\\" rel=\\\"noopener\\\"><br \/>\n\t\t\t\t\t\tLinkedin<br \/>\n\t\t\t\t\t\t\t\t\t\t\t<\/a><\/p>\n<p>Faculdade Fucap Univinte&nbsp; &#8211; Uma faculdade Inovadora<br \/>Central de Atendimento: (48) 3623-6000 | Endere\u00e7o: Av. Nilton Augusto Sachetti, 500 &#8211; Centro<br \/>&nbsp; &nbsp; CEP 88745-000 &#8211; Capivari de Baixo &#8211; SC&nbsp; &nbsp;Brasil<\/p>\n<p>\t\t\t\t\t\t\t\t\t\t\t\t\t<a href=\\\"\/\/www.fucap.edu.br\/wp\/\\\"><br \/>\n\t\t\t\t\t\t\t<img width=\\\"194\\\" height=\\\"74\\\" src=\\\"https:\/\/www.fucap.edu.br\/wp\/wp-content\/uploads\/2019\/03\/logo-otimizada-rodape.png\\\" alt=\\\"\\\" loading=\\\"lazy\\\" \/>\t\t\t\t\t\t\t\t<\/a><br \/>\n\t\t\u00a9 2019 Faculdades Fucap. Todos os direitos reservados.\u00a0<br \/>\n\t\t\t\t\t\t\t\t\t\t\t\t\t<a href=\\\"\/\/www.facebook.com\/cretivedessign\/\\\" target=\\\"_blank\\\" rel=\\\"noopener\\\"><br \/>\n\t\t\t\t\t\t\t<img width=\\\"225\\\" height=\\\"69\\\" src=\\\"https:\/\/www.fucap.edu.br\/wp\/wp-content\/uploads\/2020\/01\/m7ux-logo-branca.png\\\" alt=\\\"\\\" loading=\\\"lazy\\\" \/>\t\t\t\t\t\t\t\t<\/a><\/p>\n<p>Siga a Fucap nas redes sociais:<\/p>\n<p>\t\t\t\t\t<a href=\\\"\/\/www.facebook.com\/fucap\/?epa=SEARCH_BOX\\\" target=\\\"_blank\\\" rel=\\\"noopener\\\"><br \/>\n\t\t\t\t\t\tFacebook<br \/>\n\t\t\t\t\t\t\t\t\t\t\t<\/a><br \/>\n\t\t\t\t\t<a href=\\\"\/\/twitter.com\/fucap_edu\\\" target=\\\"_blank\\\" rel=\\\"noopener\\\"><br \/>\n\t\t\t\t\t\tTwitter<br \/>\n\t\t\t\t\t\t\t\t\t\t\t<\/a><br \/>\n\t\t\t\t\t<a href=\\\"\/\/www.youtube.com\/channel\/UCz81EoOg0XR4RafpD_sfE3A\\\" target=\\\"_blank\\\" rel=\\\"noopener\\\"><br \/>\n\t\t\t\t\t\tYoutube<br \/>\n\t\t\t\t\t\t\t\t\t\t\t<\/a><br \/>\n\t\t\t\t\t<a href=\\\"\/\/www.instagram.com\/fucap_univinte\/\\\" target=\\\"_blank\\\" rel=\\\"noopener\\\"><br \/>\n\t\t\t\t\t\tInstagram<br \/>\n\t\t\t\t\t\t\t\t\t\t\t<\/a><br \/>\n\t\t\t\t\t<a href=\\\"\/\/br.linkedin.com\/in\/faculdade-fucap-362825109\\\" target=\\\"_blank\\\" rel=\\\"noopener\\\"><br \/>\n\t\t\t\t\t\tLinkedin<br \/>\n\t\t\t\t\t\t\t\t\t\t\t<\/a><\/p>\n<p>\u00a0<\/p>\n<p>Faculdade Fucap Univinte\u00a0 &#8211; Uma faculdade Inovadora<br \/>Central de Atendimento: (48) 3623-6000 | Endere\u00e7o: Av. Na\u00e7\u00f5es Unidas, 500 &#8211; Centro<br \/>\u00a0 \u00a0 CEP 88745-000 &#8211; Capivari de Baixo &#8211; SC\u00a0 \u00a0Brasil<\/p>\n<p>\t\t\t\t\t\t\t\t\t\t\t\t\t<a href=\\\"\/\/www.fucap.edu.br\/wp\/\\\"><br \/>\n\t\t\t\t\t\t\t<img width=\\\"194\\\" height=\\\"74\\\" src=\\\"https:\/\/www.fucap.edu.br\/wp\/wp-content\/uploads\/2019\/03\/logo-otimizada-rodape.png\\\" alt=\\\"\\\" loading=\\\"lazy\\\" \/>\t\t\t\t\t\t\t\t<\/a><br \/>\n\t\t\u00a9 2019 Faculdades Fucap. Todos os direitos reservados.\u00a0<br \/>\n\t\t\t\t\t\t\t\t\t\t\t\t\t<a href=\\\"http:\/\/www.creativeindesign.com.br\\\" target=\\\"_blank\\\" rel=\\\"noopener\\\"><br \/>\n\t\t\t\t\t\t\t<img width=\\\"276\\\" height=\\\"179\\\" src=\\\"https:\/\/www.fucap.edu.br\/wp\/wp-content\/uploads\/2019\/06\/logo-ass-site.png\\\" alt=\\\"\\\" loading=\\\"lazy\\\" \/>\t\t\t\t\t\t\t\t<\/a><\/p>\n","protected":false},"excerpt":{"rendered":"<p>Grade Curricular \u00a0 O Curso Objetivo do curso: O curso de Biomedicina da Fucap, alinhado ao perfil profissional do egresso, a estrutura curricular, o contexto educacional, as caracter\u00edsticas locais e regionais e as novas pr\u00e1ticas emergentes no campo do conhecimento do curso t\u00eam como objetivo formar Biom\u00e9dicos dedicados, respons\u00e1veis e de confian\u00e7a, com perfil generalista, [&hellip;]<\/p>\n","protected":false},"author":2,"featured_media":0,"parent":65,"menu_order":0,"comment_status":"closed","ping_status":"closed","template":"","meta":{"site-sidebar-layout":"default","site-content-layout":"","ast-site-content-layout":"default","site-content-style":"default","site-sidebar-style":"default","ast-global-header-display":"","ast-banner-title-visibility":"","ast-main-header-display":"","ast-hfb-above-header-display":"","ast-hfb-below-header-display":"","ast-hfb-mobile-header-display":"","site-post-title":"","ast-breadcrumbs-content":"","ast-featured-img":"","footer-sml-layout":"","ast-disable-related-posts":"","theme-transparent-header-meta":"","adv-header-id-meta":"","stick-header-meta":"","header-above-stick-meta":"","header-main-stick-meta":"","header-below-stick-meta":"","astra-migrate-meta-layouts":"default","ast-page-background-enabled":"default","ast-page-background-meta":{"desktop":{"background-color":"var(--ast-global-color-4)","background-image":"","background-repeat":"repeat","background-position":"center center","background-size":"auto","background-attachment":"scroll","background-type":"","background-media":"","overlay-type":"","overlay-color":"","overlay-opacity":"","overlay-gradient":""},"tablet":{"background-color":"","background-image":"","background-repeat":"repeat","background-position":"center center","background-size":"auto","background-attachment":"scroll","background-type":"","background-media":"","overlay-type":"","overlay-color":"","overlay-opacity":"","overlay-gradient":""},"mobile":{"background-color":"","background-image":"","background-repeat":"repeat","background-position":"center center","background-size":"auto","background-attachment":"scroll","background-type":"","background-media":"","overlay-type":"","overlay-color":"","overlay-opacity":"","overlay-gradient":""}},"ast-content-background-meta":{"desktop":{"background-color":"var(--ast-global-color-5)","background-image":"","background-repeat":"repeat","background-position":"center center","background-size":"auto","background-attachment":"scroll","background-type":"","background-media":"","overlay-type":"","overlay-color":"","overlay-opacity":"","overlay-gradient":""},"tablet":{"background-color":"var(--ast-global-color-5)","background-image":"","background-repeat":"repeat","background-position":"center center","background-size":"auto","background-attachment":"scroll","background-type":"","background-media":"","overlay-type":"","overlay-color":"","overlay-opacity":"","overlay-gradient":""},"mobile":{"background-color":"var(--ast-global-color-5)","background-image":"","background-repeat":"repeat","background-position":"center center","background-size":"auto","background-attachment":"scroll","background-type":"","background-media":"","overlay-type":"","overlay-color":"","overlay-opacity":"","overlay-gradient":""}},"footnotes":""},"class_list":["post-6465","page","type-page","status-publish","hentry"],"rttpg_featured_image_url":null,"rttpg_author":{"display_name":"Katruy Assun\u00e7\u00e3o","author_link":"https:\/\/univinte.edu.br\/portal\/author\/katruy\/"},"rttpg_comment":0,"rttpg_category":null,"rttpg_excerpt":"Grade Curricular \u00a0 O Curso Objetivo do curso: O curso de Biomedicina da Fucap, alinhado ao perfil profissional do egresso, a estrutura curricular, o contexto educacional, as caracter\u00edsticas locais e regionais e as novas pr\u00e1ticas emergentes no campo do conhecimento do curso t\u00eam como objetivo formar Biom\u00e9dicos dedicados, respons\u00e1veis e de confian\u00e7a, com perfil generalista,&hellip;","_links":{"self":[{"href":"https:\/\/univinte.edu.br\/portal\/wp-json\/wp\/v2\/pages\/6465","targetHints":{"allow":["GET"]}}],"collection":[{"href":"https:\/\/univinte.edu.br\/portal\/wp-json\/wp\/v2\/pages"}],"about":[{"href":"https:\/\/univinte.edu.br\/portal\/wp-json\/wp\/v2\/types\/page"}],"author":[{"embeddable":true,"href":"https:\/\/univinte.edu.br\/portal\/wp-json\/wp\/v2\/users\/2"}],"replies":[{"embeddable":true,"href":"https:\/\/univinte.edu.br\/portal\/wp-json\/wp\/v2\/comments?post=6465"}],"version-history":[{"count":0,"href":"https:\/\/univinte.edu.br\/portal\/wp-json\/wp\/v2\/pages\/6465\/revisions"}],"up":[{"embeddable":true,"href":"https:\/\/univinte.edu.br\/portal\/wp-json\/wp\/v2\/pages\/65"}],"wp:attachment":[{"href":"https:\/\/univinte.edu.br\/portal\/wp-json\/wp\/v2\/media?parent=6465"}],"curies":[{"name":"wp","href":"https:\/\/api.w.org\/{rel}","templated":true}]}}