{"id":825,"date":"2019-02-08T07:52:52","date_gmt":"2019-02-08T09:52:52","guid":{"rendered":"http:\/\/univinte.edu.br\/portal\/index.php\/formas-de-ingresso\/processo-seletivo\/"},"modified":"2019-02-08T07:52:52","modified_gmt":"2019-02-08T09:52:52","slug":"processo-seletivo","status":"publish","type":"page","link":"https:\/\/univinte.edu.br\/portal\/formas-de-ingresso\/processo-seletivo\/","title":{"rendered":"Processo Seletivo"},"content":{"rendered":"<h2>PASSO A PASSO<\/h2>\n<section data-layout=\\\"center\\\" data-top-offset=\\\"200\\\">\n\t\t\t\t\t\t\tProcesso Seletivo 2022\/1<br \/>\n\t\t\t\t\t\t\t\t\t\t\t<a href=\\\"#\\\"><br \/>\n\t\t\t\t\t\t\t\t\t\t\t\tProcesso Seletivo 2022\/1\t\t\t\t\t\t\t\t\t\t\t<\/p>\n<h3>INSCRI\u00c7\u00d5ES<\/h3>\n<p>Per\u00edodo de inscri\u00e7\u00e3o:<\/p>\n<p>25\/10\/2021 ao dia 24\/11\/2021.<\/p>\n<p>\t\t\t\t\t\t<\/a><br \/>\n\t\t\t\t\t\t\tExame de Sele\u00e7\u00e3o<br \/>\n\t\t\t\t\t\t\t\t\t\t\t<a href=\\\"#\\\"><br \/>\n\t\t\t\t\t\t\t\t\t\t\t\tExame de Sele\u00e7\u00e3o\t\t\t\t\t\t\t\t\t\t\t<\/p>\n<h3>PROVA DE REDA\u00c7\u00c3O<\/h3>\n<p style=\\\"text-align: left;\\\">O Exame de Sele\u00e7\u00e3o acontecer\u00e1 at\u00e9 o dia 25\/11\/2021 das 19:30 \u00e0s 21:30 horas, para os candidatos devidamente inscritos. O candidato dever\u00e1 comparecer no m\u00ednimo, trinta (30) minutos antes do in\u00edcio das provas para certificar-se do local.<\/p>\n<p>\t\t\t\t\t\t<\/a><br \/>\n\t\t\t\t\t\t\tRESULTADOS<br \/>\n\t\t\t\t\t\t\t\t\t\t\t<a href=\\\"#\\\"><br \/>\n\t\t\t\t\t\t\t\t\t\t\t\tRESULTADOS\t\t\t\t\t\t\t\t\t\t\t<\/p>\n<h3>CLASSIFICA\u00c7\u00c3O<\/h3>\n<p style=\\\"text-align: left;\\\">\u00a0A rela\u00e7\u00e3o dos candidatos classificados, conforme o n\u00famero de vagas por semestre letivo, ser\u00e1 divulgada no dia 06\/12\/2021 atrav\u00e9s da internet no endere\u00e7o www.fucap.edu.br e no mural da institui\u00e7\u00e3o.<\/p>\n<p>\t\t\t\t\t\t<\/a><br \/>\n\t\t\t\t\t\t\tMATR\u00cdCULA<br \/>\n\t\t\t\t\t\t\t\t\t\t\t<a href=\\\"#\\\"><br \/>\n\t\t\t\t\t\t\t\t\t\t\t\tMATR\u00cdCULA\t\t\t\t\t\t\t\t\t\t\t<\/p>\n<h3>MATR\u00cdCULAS<\/h3>\n<p style=\\\"text-align: left;\\\">A matr\u00edcula dos alunos classificados ser\u00e1 realizada no Comercial da Faculdade Capivari de 06\/12\/2021 a 11\/12\/2021.<\/p>\n<p>\t\t\t\t\t\t<\/a><br \/>\n\t\t\t\t\t\t\tDOCUMENTA\u00c7\u00c3O PARA MATR\u00cdCULA<br \/>\n\t\t\t\t\t\t\t\t\t\t\t<a href=\\\"#\\\"><br \/>\n\t\t\t\t\t\t\t\t\t\t\t\tDOCUMENTA\u00c7\u00c3O PARA MATR\u00cdCULA\t\t\t\t\t\t\t\t\t\t\t<\/p>\n<h3>DOCUMENTOS OBRIGAT\u00d3RIOS<\/h3>\n<p>&#8211; 1 foto 3&#215;4 atual;<\/p>\n<p>&#8211; Certid\u00f5es de nascimento ou casamento;<\/p>\n<p>&#8211; Certificado de conclus\u00e3o do ensino m\u00e9dio;<\/p>\n<p>&#8211; Comprovante de resid\u00eancia atualizado;<\/p>\n<p>&#8211; CPF e do RG;<\/p>\n<p>&#8211; Hist\u00f3rico escolar do ensino m\u00e9dio;<\/p>\n<p>&#8211; Reservista;<\/p>\n<p style=\\\"text-align: left;\\\">\u00a0&#8211; T\u00edtulo de eleitor.<\/p>\n<p style=\\\"text-align: left;\\\">*Os candidatos que conclu\u00edram o ensino m\u00e9dio no exterior, dever\u00e3o apresentar o documento de revalida\u00e7\u00e3o\/equival\u00eancia de estudos, conforme legisla\u00e7\u00e3o vigente.<\/p>\n<p>\t\t\t\t\t\t<\/a><br \/>\n\t\t\t\t\t\t<\/section>\n<figure><a href=\\\"\/\/www.fucap.edu.br\/arquivos\/ps\/Edital062020Vagas%20Remanescentes.pdf\\\" target=\\\"_blank\\\" rel=\\\"noopener\\\"><img width=\\\"150\\\" height=\\\"150\\\" src=\\\"https:\/\/www.fucap.edu.br\/wp\/wp-content\/uploads\/2019\/05\/icon-pdf-150x150.png\\\" alt=\\\"\\\" loading=\\\"lazy\\\" \/><\/a><\/figure>\n<h3><a href=\\\"\/\/www.fucap.edu.br\/arquivos\/ps\/Edital062020Vagas%20Remanescentes.pdf\\\" target=\\\"_blank\\\" rel=\\\"noopener\\\">EDITAL No 06\/2020 &#8211; ADMISS\u00c3O DE EDUCANDOS EM VAGAS REMANESCENTES<\/a><\/h3>\n<figure><a href=\\\"\/\/www.fucap.edu.br\/arquivos\/ps\/Edital052020VagasNovas.pdf\\\" target=\\\"_blank\\\" rel=\\\"noopener\\\"><img width=\\\"150\\\" height=\\\"150\\\" src=\\\"https:\/\/www.fucap.edu.br\/wp\/wp-content\/uploads\/2019\/05\/icon-pdf-150x150.png\\\" alt=\\\"\\\" loading=\\\"lazy\\\" \/><\/a><\/figure>\n<h3><a href=\\\"\/\/www.fucap.edu.br\/arquivos\/ps\/Edital052020VagasNovas.pdf\\\" target=\\\"_blank\\\" rel=\\\"noopener\\\">EDITAL No 05\/2020 &#8211; ADMISS\u00c3O DE EDUCANDOS<\/a><\/h3>\n<figure><a href=\\\"\/\/www.fucap.edu.br\/arquivos\/ps\/Errata01_Edital05_2020.pdf\\\" target=\\\"_blank\\\" rel=\\\"noopener\\\"><img width=\\\"150\\\" height=\\\"150\\\" src=\\\"https:\/\/www.fucap.edu.br\/wp\/wp-content\/uploads\/2019\/05\/icon-pdf-150x150.png\\\" alt=\\\"\\\" loading=\\\"lazy\\\" \/><\/a><\/figure>\n<h3><a href=\\\"\/\/www.fucap.edu.br\/arquivos\/ps\/Errata01_Edital05_2020.pdf\\\" target=\\\"_blank\\\" rel=\\\"noopener\\\">ERRATA No 05\/2020 &#8211; ADMISS\u00c3O DE EDUCANDOS<\/a><\/h3>\n<figure><a href=\\\"\/\/www.fucap.edu.br\/arquivos\/ps\/Emenda%2002%20-%20Edital%2005-2020.pdf\\\" target=\\\"_blank\\\" rel=\\\"noopener\\\"><img width=\\\"150\\\" height=\\\"150\\\" src=\\\"https:\/\/www.fucap.edu.br\/wp\/wp-content\/uploads\/2019\/05\/icon-pdf-150x150.png\\\" alt=\\\"\\\" loading=\\\"lazy\\\" \/><\/a><\/figure>\n<h3><a href=\\\"\/\/www.fucap.edu.br\/arquivos\/ps\/Emenda%2002%20-%20Edital%2005-2020.pdf\\\" target=\\\"_blank\\\" rel=\\\"noopener\\\">Emenda 02 &#8211; Edital 05\/2020<\/a><\/h3>\n<p>\t\t\t<a href=\\\"\/\/www.fucap.edu.br\/inscricao\/\\\" target=\\\"_blank\\\" role=\\\"button\\\" rel=\\\"noopener\\\"><br \/>\n\t\t\t\t\t\tINSCRI\u00c7\u00d5ES<br \/>\n\t\t\t\t\t<\/a><br \/>\n\t\t[happyforms id=\\&#8221;3177\\&#8221; \/]<\/p>\n<p>CENTRAL DE ATENDIMENTO<\/p>\n<p>(48) 3623-6000<\/p>\n<p>\t\t\t\t<a href=\\\"\/\/bit.ly\/2VfMbif\\\"><br \/>\n\t\t\t\t\t\t\t\t<\/a><\/p>\n<h3>\n\t\t\t\t\t<a href=\\\"\/\/bit.ly\/2VfMbif\\\" ><br \/>\n\t\t\t\t\t\tWhatsApp\t\t\t\t\t<\/a><br \/>\n\t\t\t\t<\/h3>\n<p>\n\t\t\t\t\t\t(48) 98826 &#8211; 2029\t\t\t\t\t<\/p>\n<p>Siga a Fucap nas redes sociais:<\/p>\n<p>\t\t\t\t\t<a href=\\\"\/\/www.facebook.com\/fucap\/?epa=SEARCH_BOX\\\" target=\\\"_blank\\\" rel=\\\"noopener\\\"><br \/>\n\t\t\t\t\t\tFacebook<br \/>\n\t\t\t\t\t\t\t\t\t\t\t<\/a><br \/>\n\t\t\t\t\t<a href=\\\"\/\/twitter.com\/fucap_edu\\\" target=\\\"_blank\\\" rel=\\\"noopener\\\"><br \/>\n\t\t\t\t\t\tTwitter<br \/>\n\t\t\t\t\t\t\t\t\t\t\t<\/a><br \/>\n\t\t\t\t\t<a href=\\\"\/\/www.youtube.com\/channel\/UCz81EoOg0XR4RafpD_sfE3A\\\" target=\\\"_blank\\\" rel=\\\"noopener\\\"><br \/>\n\t\t\t\t\t\tYoutube<br \/>\n\t\t\t\t\t\t\t\t\t\t\t<\/a><br \/>\n\t\t\t\t\t<a href=\\\"\/\/www.instagram.com\/fucap_univinte\/\\\" target=\\\"_blank\\\" rel=\\\"noopener\\\"><br \/>\n\t\t\t\t\t\tInstagram<br \/>\n\t\t\t\t\t\t\t\t\t\t\t<\/a><br \/>\n\t\t\t\t\t<a href=\\\"\/\/br.linkedin.com\/in\/faculdade-fucap-362825109\\\" target=\\\"_blank\\\" rel=\\\"noopener\\\"><br \/>\n\t\t\t\t\t\tLinkedin<br \/>\n\t\t\t\t\t\t\t\t\t\t\t<\/a><\/p>\n<p>Faculdade Fucap Univinte\u00a0 &#8211; Uma faculdade Inovadora<br \/>Central de Atendimento: (48) 3623-6000 | Endere\u00e7o: Av. Nilton Augusto Sachetti, 500 &#8211; Santo Andr\u00e9<br \/>\u00a0 \u00a0 CEP 88745-000 &#8211; Capivari de Baixo &#8211; SC\u00a0 \u00a0Brasil<\/p>\n<p>\t\t\t\t\t\t\t\t\t\t\t\t\t<a href=\\\"\/\/www.fucap.edu.br\/wp\/\\\"><br \/>\n\t\t\t\t\t\t\t<img width=\\\"194\\\" height=\\\"74\\\" src=\\\"https:\/\/www.fucap.edu.br\/wp\/wp-content\/uploads\/2019\/03\/logo-otimizada-rodape.png\\\" alt=\\\"\\\" loading=\\\"lazy\\\" \/>\t\t\t\t\t\t\t\t<\/a><br \/>\n\t\t\u00a9 2019 Faculdades Fucap. Todos os direitos reservados. Desenvolvido por Rafael Frasson e <a style=\\\"color: #ffffff;\\\" href=\\\"\/\/www.creativeindesign.com.br\\\" target=\\\"_blank\\\" rel=\\\"noopener\\\">CreativeDesign<\/a><\/p>\n<p>Siga a Fucap nas redes sociais:<\/p>\n<p>\t\t\t\t\t<a href=\\\"\/\/www.facebook.com\/fucap\/?epa=SEARCH_BOX\\\" target=\\\"_blank\\\" rel=\\\"noopener\\\"><br \/>\n\t\t\t\t\t\tFacebook<br \/>\n\t\t\t\t\t\t\t\t\t\t\t<\/a><br \/>\n\t\t\t\t\t<a href=\\\"\/\/twitter.com\/fucap_edu\\\" target=\\\"_blank\\\" rel=\\\"noopener\\\"><br \/>\n\t\t\t\t\t\tTwitter<br \/>\n\t\t\t\t\t\t\t\t\t\t\t<\/a><br \/>\n\t\t\t\t\t<a href=\\\"\/\/www.youtube.com\/channel\/UCz81EoOg0XR4RafpD_sfE3A\\\" target=\\\"_blank\\\" rel=\\\"noopener\\\"><br \/>\n\t\t\t\t\t\tYoutube<br \/>\n\t\t\t\t\t\t\t\t\t\t\t<\/a><br \/>\n\t\t\t\t\t<a href=\\\"\/\/www.instagram.com\/fucap_univinte\/\\\" target=\\\"_blank\\\" rel=\\\"noopener\\\"><br \/>\n\t\t\t\t\t\tInstagram<br \/>\n\t\t\t\t\t\t\t\t\t\t\t<\/a><br \/>\n\t\t\t\t\t<a href=\\\"\/\/br.linkedin.com\/in\/faculdade-fucap-362825109\\\" target=\\\"_blank\\\" rel=\\\"noopener\\\"><br \/>\n\t\t\t\t\t\tLinkedin<br \/>\n\t\t\t\t\t\t\t\t\t\t\t<\/a><\/p>\n<p>\u00a0<\/p>\n<p>Faculdade Fucap Univinte\u00a0 &#8211; Uma faculdade Inovadora<br \/>Central de Atendimento: (48) 3623-6000 | Endere\u00e7o: Av. Na\u00e7\u00f5es Unidas, 500 &#8211; Centro<br \/>\u00a0 \u00a0 CEP 88745-000 &#8211; Capivari de Baixo &#8211; SC\u00a0 \u00a0Brasil<\/p>\n<p>\t\t\t\t\t\t\t\t\t\t\t\t\t<a href=\\\"\/\/www.fucap.edu.br\/wp\/\\\"><br \/>\n\t\t\t\t\t\t\t<img width=\\\"194\\\" height=\\\"74\\\" src=\\\"https:\/\/www.fucap.edu.br\/wp\/wp-content\/uploads\/2019\/03\/logo-otimizada-rodape.png\\\" alt=\\\"\\\" loading=\\\"lazy\\\" \/>\t\t\t\t\t\t\t\t<\/a><br \/>\n\t\t\u00a9 2019 Faculdades Fucap.Todosos direitos reservados. Desenvolvido por Rafael Frasson e\u00a0 <a style=\\\"color: #ffffff;\\\" href=\\\"\/\/www.creativeindesign.com.br\\\" target=\\\"_blank\\\" rel=\\\"noopener\\\">CreativeDesign<\/a><\/p>\n","protected":false},"excerpt":{"rendered":"<p>PASSO A PASSO Processo Seletivo 2022\/1 Processo Seletivo 2022\/1 INSCRI\u00c7\u00d5ES Per\u00edodo de inscri\u00e7\u00e3o: 25\/10\/2021 ao dia 24\/11\/2021. Exame de Sele\u00e7\u00e3o Exame de Sele\u00e7\u00e3o PROVA DE REDA\u00c7\u00c3O O Exame de Sele\u00e7\u00e3o acontecer\u00e1 at\u00e9 o dia 25\/11\/2021 das 19:30 \u00e0s 21:30 horas, para os candidatos devidamente inscritos. O candidato dever\u00e1 comparecer no m\u00ednimo, trinta (30) minutos antes [&hellip;]<\/p>\n","protected":false},"author":1,"featured_media":0,"parent":32,"menu_order":0,"comment_status":"closed","ping_status":"closed","template":"","meta":{"site-sidebar-layout":"default","site-content-layout":"","ast-site-content-layout":"default","site-content-style":"default","site-sidebar-style":"default","ast-global-header-display":"","ast-banner-title-visibility":"","ast-main-header-display":"","ast-hfb-above-header-display":"","ast-hfb-below-header-display":"","ast-hfb-mobile-header-display":"","site-post-title":"","ast-breadcrumbs-content":"","ast-featured-img":"","footer-sml-layout":"","ast-disable-related-posts":"","theme-transparent-header-meta":"","adv-header-id-meta":"","stick-header-meta":"","header-above-stick-meta":"","header-main-stick-meta":"","header-below-stick-meta":"","astra-migrate-meta-layouts":"default","ast-page-background-enabled":"default","ast-page-background-meta":{"desktop":{"background-color":"var(--ast-global-color-4)","background-image":"","background-repeat":"repeat","background-position":"center center","background-size":"auto","background-attachment":"scroll","background-type":"","background-media":"","overlay-type":"","overlay-color":"","overlay-opacity":"","overlay-gradient":""},"tablet":{"background-color":"","background-image":"","background-repeat":"repeat","background-position":"center center","background-size":"auto","background-attachment":"scroll","background-type":"","background-media":"","overlay-type":"","overlay-color":"","overlay-opacity":"","overlay-gradient":""},"mobile":{"background-color":"","background-image":"","background-repeat":"repeat","background-position":"center center","background-size":"auto","background-attachment":"scroll","background-type":"","background-media":"","overlay-type":"","overlay-color":"","overlay-opacity":"","overlay-gradient":""}},"ast-content-background-meta":{"desktop":{"background-color":"var(--ast-global-color-5)","background-image":"","background-repeat":"repeat","background-position":"center center","background-size":"auto","background-attachment":"scroll","background-type":"","background-media":"","overlay-type":"","overlay-color":"","overlay-opacity":"","overlay-gradient":""},"tablet":{"background-color":"var(--ast-global-color-5)","background-image":"","background-repeat":"repeat","background-position":"center center","background-size":"auto","background-attachment":"scroll","background-type":"","background-media":"","overlay-type":"","overlay-color":"","overlay-opacity":"","overlay-gradient":""},"mobile":{"background-color":"var(--ast-global-color-5)","background-image":"","background-repeat":"repeat","background-position":"center center","background-size":"auto","background-attachment":"scroll","background-type":"","background-media":"","overlay-type":"","overlay-color":"","overlay-opacity":"","overlay-gradient":""}},"footnotes":""},"class_list":["post-825","page","type-page","status-publish","hentry"],"rttpg_featured_image_url":null,"rttpg_author":{"display_name":"contato","author_link":"https:\/\/univinte.edu.br\/portal\/author\/contato\/"},"rttpg_comment":0,"rttpg_category":null,"rttpg_excerpt":"PASSO A PASSO Processo Seletivo 2022\/1 Processo Seletivo 2022\/1 INSCRI\u00c7\u00d5ES Per\u00edodo de inscri\u00e7\u00e3o: 25\/10\/2021 ao dia 24\/11\/2021. Exame de Sele\u00e7\u00e3o Exame de Sele\u00e7\u00e3o PROVA DE REDA\u00c7\u00c3O O Exame de Sele\u00e7\u00e3o acontecer\u00e1 at\u00e9 o dia 25\/11\/2021 das 19:30 \u00e0s 21:30 horas, para os candidatos devidamente inscritos. O candidato dever\u00e1 comparecer no m\u00ednimo, trinta (30) minutos antes&hellip;","_links":{"self":[{"href":"https:\/\/univinte.edu.br\/portal\/wp-json\/wp\/v2\/pages\/825","targetHints":{"allow":["GET"]}}],"collection":[{"href":"https:\/\/univinte.edu.br\/portal\/wp-json\/wp\/v2\/pages"}],"about":[{"href":"https:\/\/univinte.edu.br\/portal\/wp-json\/wp\/v2\/types\/page"}],"author":[{"embeddable":true,"href":"https:\/\/univinte.edu.br\/portal\/wp-json\/wp\/v2\/users\/1"}],"replies":[{"embeddable":true,"href":"https:\/\/univinte.edu.br\/portal\/wp-json\/wp\/v2\/comments?post=825"}],"version-history":[{"count":0,"href":"https:\/\/univinte.edu.br\/portal\/wp-json\/wp\/v2\/pages\/825\/revisions"}],"up":[{"embeddable":true,"href":"https:\/\/univinte.edu.br\/portal\/wp-json\/wp\/v2\/pages\/32"}],"wp:attachment":[{"href":"https:\/\/univinte.edu.br\/portal\/wp-json\/wp\/v2\/media?parent=825"}],"curies":[{"name":"wp","href":"https:\/\/api.w.org\/{rel}","templated":true}]}}