{"id":827,"date":"2019-02-08T07:53:18","date_gmt":"2019-02-08T09:53:18","guid":{"rendered":"http:\/\/univinte.edu.br\/portal\/index.php\/formas-de-ingresso\/enem\/"},"modified":"2019-02-08T07:53:18","modified_gmt":"2019-02-08T09:53:18","slug":"enem","status":"publish","type":"page","link":"https:\/\/univinte.edu.br\/portal\/formas-de-ingresso\/enem\/","title":{"rendered":"Enem"},"content":{"rendered":"<h2>ENEM &#8211; Exame Nacional do Ensino M\u00e9dio<\/h2>\n<p>O\u00a0<strong>ENEM &#8211; Exame Nacional do Ensino M\u00e9dio<\/strong>\u00a0\u00e9 uma prova elaborada pelo Minist\u00e9rio da Educa\u00e7\u00e3o para verificar o dom\u00ednio de compet\u00eancias e habilidades dos estudantes que conclu\u00edram o ensino m\u00e9dio. O Enem \u00e9 composto por quatro provas de m\u00faltipla escolha, com 45 quest\u00f5es cada, e uma reda\u00e7\u00e3o.<\/p>\n<p>A finalidade primordial do Enem \u00e9 a avalia\u00e7\u00e3o do desempenho escolar e acad\u00eamico ao fim do ensino m\u00e9dio. As informa\u00e7\u00f5es obtidas a partir dos resultados do Enem s\u00e3o utilizadas para acompanhamento da qualidade do ensino m\u00e9dio no Pa\u00eds, na implementa\u00e7\u00e3o de pol\u00edticas p\u00fablicas, cria\u00e7\u00e3o de refer\u00eancia nacional para o aperfei\u00e7oamento dos curr\u00edculos do ensino m\u00e9dio, desenvolvimento de estudos e indicadores sobre a educa\u00e7\u00e3o brasileira e estabelecimento de crit\u00e9rios de acesso do participante a programas governamentais. O Enem serve tamb\u00e9m para a constitui\u00e7\u00e3o de par\u00e2metros para a autoavalia\u00e7\u00e3o do participante, com vistas \u00e0 continuidade de sua forma\u00e7\u00e3o e \u00e0 sua inser\u00e7\u00e3o no mercado de trabalho.<\/p>\n<p><strong>Para que serve o Enem?<\/strong><\/p>\n<p>O Enem tem uma s\u00e9rie de fun\u00e7\u00f5es. O exame \u00e9 usado como um vestibular nacional de uma s\u00e9rie de universidades p\u00fablicas. Com a nota do Enem, o estudante pode se inscrever no\u00a0<strong>Sistema de Sele\u00e7\u00e3o Unificada (Sisu)<\/strong>\u00a0, sistema criado pelo governo para selecionar alunos para as institui\u00e7\u00f5es p\u00fablicas de ensino superior. O candidato pode escolher dois cursos de gradua\u00e7\u00e3o, de diversas institui\u00e7\u00f5es brasileiras, de todos os Estados brasileiros. A cada dia o sistema gera as notas de corte das carreiras e assim o estudante pode ter ideia se sua pontua\u00e7\u00e3o \u00e9 suficiente para ser aprovado no curso pretendido.<\/p>\n<p>Os estudantes tamb\u00e9m utilizam o Enem para conseguir uma bolsa de estudos em uma universidade particular por meio do\u00a0<strong>Programa Universidade Para Todos (Prouni)<\/strong>\u00a0. Este programa do governo federal oferece bolsas de estudo parciais, de 50%, e integrais de 100%, a estudantes de baixa renda. Para participar, o estudante precisa ter tirado no m\u00ednimo 450 pontos no Enem.<\/p>\n<p>Outro programa de acesso ao ensino superior que exige o Enem \u00e9 o\u00a0<strong>Fundo de Financiamento Estudantil (Fies)<\/strong>\u00a0, que concede vagas para financiar seus estudos a estudantes que n\u00e3o tem condi\u00e7\u00f5es de pagar as mensalidades da gradua\u00e7\u00e3o. O Fies funciona como um empr\u00e9stimo\/financiamento: aluno completa o curso, e depois de formado paga a d\u00edvida ao governo, com juros mais baixos, de 6,5% ao ano.<\/p>\n<p>O Enem tamb\u00e9m \u00e9 necess\u00e1rio para os estudantes de gradua\u00e7\u00e3o que queiram fazer um interc\u00e2mbio no exterior pelo programa\u00a0<strong>Ci\u00eancia sem Fronteiras<\/strong>\u00a0. O mais novo projeto do governo federal quer levar 75 mil estudantes para fazer parte do curso em institui\u00e7\u00f5es estrangeiras de excel\u00eancia. A bolsa inclui todos os gastos e \u00e9 voltada prioritariamente para \u00e1reas de engenharia, tecnologia, biologia e ambiental. Para concorrer a uma vaga, \u00e9 preciso ter feito 650 pontos no Enem.<\/p>\n<p>A portaria substitui a regra anterior , vigente desde 2010. O exame, que at\u00e9 o ano passado poderia servir como uma esp\u00e9cie de \u00a8Diploma do Ensino M\u00e9dio, agora ser\u00e1 voltado principalmente \u00a0ao acesso ao Ensino Superior.<\/p>\n<p>Agora o exame deixa de certificar o ensino m\u00e9dio, tarefa que volta a ser cumprida pelo Exame Nacional para Certifica\u00e7\u00e3o de Compet\u00eancias de Jovens e Adultos (Encceja).<\/p>\n<p><strong>Sele\u00e7\u00e3o para o ingresso em cursos de Gradua\u00e7\u00e3o da Univinte Fucap, no Primeiro Semestre de 2019, pelo aproveitamento dos resultados do ENEM 2016, 2017\u00a0ou 2018.<\/strong><\/p>\n<article id=\\\"post-214\\\">\n<h2>P\u00e1gina do Participante Enem 2019 \u2013 Como ter acesso?<\/h2>\n<p>A p\u00e1gina do participante Enem 2019 \u00e9 um espa\u00e7o online para voc\u00ea se inscrever ao Enem e tamb\u00e9m acompanhar esse processo seletivo.<\/p>\n<p>O acesso \u00e9 disponibilizado no per\u00edodo das inscri\u00e7\u00f5es onde voc\u00ea informa os seus dados pessoais e cria um login com senha.<\/p>\n<ul>\n<li>Acesse a p\u00e1gina do Inep Enem clicando\u00a0<a href=\\\"https:\/\/enem.inep.gov.br\/participante\/#!\/loginParticipante\\\" target=\\\"_blank\\\" rel=\\\"noopener noreferrer\\\">aqui<\/a><a href=\\\"https:\/\/enem.inep.gov.br\/participante\/#!\/loginParticipante\\\" target=\\\"_blank\\\" rel=\\\"noopener noreferrer\\\"><img src=\\\"https:\/\/enem2019.pro\/wp-content\/uploads\/2019\/02\/p%C3%A1gina-do-participante-enem-2019.jpg\\\" sizes=\\\"(max-width: 480px) 100vw, 480px\\\" srcset=\\\"https:\/\/enem2019.pro\/wp-content\/uploads\/2019\/02\/p\u00e1gina-do-participante-enem-2019.jpg 480w, https:\/\/enem2019.pro\/wp-content\/uploads\/2019\/02\/p\u00e1gina-do-participante-enem-2019-280x300.jpg 280w\\\" alt=\\\"acessar P\u00e1gina do Participante Enem 2019\\\" width=\\\"480\\\" height=\\\"514\\\" \/><\/a><\/li>\n<li>Depois, clique na p\u00e1gina do participante inscri\u00e7\u00e3o<\/li>\n<li>Preencha os dados solicitados como: CPF, RG, e-mail e celular v\u00e1lidos, responda se precisa de atendimento especializado, munic\u00edpio onde deseja realizar o exame e escolha um dos idiomas para responder as quest\u00f5es.<\/li>\n<li>Para finalizar, conclua sua inscri\u00e7\u00e3o!<\/li>\n<li>Ap\u00f3s isso, receber\u00e1 a senha de acesso!<\/li>\n<\/ul>\n<h2>Como fazer a sua inscri\u00e7\u00e3o para Enem 2019<\/h2>\n<p>Se voc\u00ea j\u00e1 realizou a inscri\u00e7\u00e3o Enem 2019 e deseja acessar novamente a p\u00e1gina do participante, ent\u00e3o, siga estes passos:<\/p>\n<ul>\n<li>Clique na P\u00e1gina do Participante Enem 2019, link\u00a0<a href=\\\"https:\/\/enem.inep.gov.br\/participante\/#!\/loginParticipante\\\" target=\\\"_blank\\\" rel=\\\"noopener noreferrer\\\">aqui<\/a><\/li>\n<li>Preencha o seu CPF e senha cadastrada no ato da inscri\u00e7\u00e3o<\/li>\n<li>Responda corretamente a figura solicitada<\/li>\n<li>Clique em Enviar<\/li>\n<\/ul>\n<ul id=\\\"menu-lateral-todos-artigos\\\">\n<li id=\\\"menu-item-192\\\"><a href=\\\"https:\/\/enem2019.pro\/inscricoes-enem-2019\/\\\" target=\\\"_blank\\\" rel=\\\"noopener noreferrer\\\">Inscri\u00e7\u00f5es Enem 2019<\/a><\/li>\n<\/ul>\n<h2>P\u00e1gina do Participante \u2013 Principais servi\u00e7os<\/h2>\n<p>A p\u00e1gina do participante Enem 2019 n\u00e3o apenas permite voc\u00ea fazer a sua inscri\u00e7\u00e3o, mas tamb\u00e9m oferece outros servi\u00e7os exclusivos. Para saber os principais que oferece, veja abaixo:<\/p>\n<ul>\n<li>Realizar e acompanhar a inscri\u00e7\u00e3o<\/li>\n<li>Analisar o andamento do pedido de isen\u00e7\u00e3o da taxa (para quem fez a solicita\u00e7\u00e3o antes da inscri\u00e7\u00e3o)<\/li>\n<li>Verificar o cart\u00e3o de confirma\u00e7\u00e3o com o local, hora da prova Enem<\/li>\n<li>Receber o resultado das provas e o espelho da reda\u00e7\u00e3o<\/li>\n<li>Ter um hist\u00f3rico das provas de anos anteriores para avaliar o seu desempenho<\/li>\n<li>Acesso ao cronograma completo<\/li>\n<li>Saber das notas de corte<\/li>\n<li>Not\u00edcias relacionadas ao Exame<\/li>\n<li>E outros assuntos<\/li>\n<\/ul>\n<\/article>\n<article id=\\\"post-208\\\">\n<header>\n<h1><a href=\\\"https:\/\/enem2019.pro\/nota-enem-2019\/\\\" rel=\\\"bookmark\\\">Nota Enem 2019<\/a><\/h1>\n<\/header>\n<p>A nota Enem 2019 \u00e9 um dos eventos mais esperados logo ap\u00f3s a prova. Se voc\u00ea pretende participar dessa sele\u00e7\u00e3o neste ano, ent\u00e3o, saiba como descobrir o resultado de seu desempenho na prova e reda\u00e7\u00e3o!<\/p>\n<p>Uma das ansiedades que todo candidato ao exame possui \u00e9 saber quanto foi a sua nota Enem 2019. At\u00e9 porque depois dos estudos durante todo o ano que voc\u00ea passou, o que mais quer \u00e9 ter um bom desempenho e atingir uma pontua\u00e7\u00e3o de destaque.<\/p>\n<p>Para que voc\u00ea consiga ingressar no curso desejado \u00e9 fundamental que a nota Enem 2019 atinja a pontua\u00e7\u00e3o m\u00ednima exigida pela institui\u00e7\u00e3o. Voc\u00ea tamb\u00e9m deve considerar a nota de corte, pois ela definir\u00e1 se estar\u00e1 apto a concorrer a vaga ou n\u00e3o.<\/p>\n<p>Sendo assim, dedique o seu tempo para essa prova e tenha em mente que a reda\u00e7\u00e3o constitui um peso enorme nos pontos finais. Aqui abaixo voc\u00ea saber\u00e1 como descobrir a sua pontua\u00e7\u00e3o, quais as datas que ser\u00e3o divulgadas e como essas notas s\u00e3o calculadas.<\/p>\n<h2>Nota Enem 2019 \u2013 Como saber do resultado?<\/h2>\n<p>Para voc\u00ea saber do resultado de sua nota Enem 2019 \u00e9 bem f\u00e1cil, simples e pr\u00e1tico. H\u00e1 duas maneiras que voc\u00ea pode ter acesso a sua pontua\u00e7\u00e3o. Veja abaixo!<\/p>\n<h3>1 \u2013 Pelo site do Inep, na p\u00e1gina do participante<\/h3>\n<p>Pela internet, voc\u00ea poder\u00e1 descobrir qual a nota obtida da prova e reda\u00e7\u00e3o. Para isso, fa\u00e7a o seguinte:<\/p>\n<ul>\n<li>Acesse a p\u00e1gina do participante clicando\u00a0<a href=\\\"https:\/\/enem.inep.gov.br\/participante\/#!\/loginParticipante\\\">aqui<\/a><\/li>\n<li>No campo de CPF e senha informe seus dados conforme cadastrou na inscri\u00e7\u00e3o<\/li>\n<li>Depois, clique corretamente na figura correspondente ao lado<\/li>\n<li>Em seguida, clique em \u201cEnviar\u201d<\/li>\n<li>Procure pela op\u00e7\u00e3o resultado Enem<\/li>\n<li>Pronto! Sua nota j\u00e1 pode ser consultada e obtida!<\/li>\n<\/ul>\n<h3>2 \u2013 Pelo App Enem<\/h3>\n<p>Pelo aplicativo Enem, voc\u00ea tamb\u00e9m pode ter acesso a nota obtida na prova e reda\u00e7\u00e3o do ano de 2019 e o seu desempenho de anos anteriores. Para isso, siga estas instru\u00e7\u00f5es:<\/p>\n<ul>\n<li>Baixe o App pelo App Store (iPhone) ou Google Play (Android)<\/li>\n<li>Informe os dados de CPF e senha em fazer login<\/li>\n<li>Depois, clique em \u201cEntrar\u201d<\/li>\n<li>Ap\u00f3s isso, procure pelo resultado (nota)<\/li>\n<li>Pronto! Sua nota ser\u00e1 informada e voc\u00ea j\u00e1 poder\u00e1 ter em m\u00e3os!<\/li>\n<\/ul>\n<h2>Nota Enem 2019 \u2013 Data da divulga\u00e7\u00e3o, calend\u00e1rio<\/h2>\n<p>A\u00a0<a href=\\\"https:\/\/enem2019.pro\/nota-enem-2019\/\\\">nota Enem 2019<\/a>, provavelmente, ser\u00e1 divulgada no dia 18 de janeiro de 2020. J\u00e1 a reda\u00e7\u00e3o, possivelmente, o resultado ocorrer\u00e1 em mar\u00e7o de 2020.<\/p>\n<p>Para voc\u00ea acessar o calend\u00e1rio bem como a nota e demais assuntos relacionados ao exame \u00e9 s\u00f3 entrar em sua p\u00e1gina do participante, com CPF e senha e verificar o cronograma completo! Pelo App Enem tamb\u00e9m \u00e9 poss\u00edvel!<\/p>\n<p>Pelo site do Inep Enem e redes sociais, voc\u00ea ter\u00e1 informa\u00e7\u00e3o de todo esse processo seletivo. Para acompanhar, clique em\u00a0<a href=\\\"https:\/\/enem.inep.gov.br\/\\\">Site Enem Inep<\/a>\u00a0e tenha em m\u00e3os todo o cronograma.<\/p>\n<h2>Nota Enem 2019 \u2013 Como s\u00e3o calculadas?<\/h2>\n<p>As notas do Enem s\u00e3o calculadas seguindo por um m\u00e9todo complexo chamado de Teoria de Resposta ao Item. \u00c9 somente poss\u00edvel calcular pelo sistema do pr\u00f3prio Inep, que trata especificamente em apresentar um resultado real e verdadeiro.<\/p>\n<p>O resultado final das quest\u00f5es \u00e9 baseado no desempenho que o candidato tem ao acertar quest\u00f5es f\u00e1ceis ao mais dif\u00edcil. Ent\u00e3o, se voc\u00ea errar uma quest\u00e3o f\u00e1cil, mas acertar uma dif\u00edcil, provavelmente, o Inep encontrar\u00e1 incoer\u00eancia na sua resposta.<\/p>\n<p>Desse modo, a atribui\u00e7\u00e3o da nota tem a ver com bom senso e coer\u00eancia nas respostas de cada um.<\/p>\n<\/article>\n<article id=\\\"post-202\\\">\n<header>\n<h1><\/h1>\n<\/header>\n<\/article>\n<p><a role=\\\"button\\\" href=\\\"https:\/\/enem.inep.gov.br\/participante\/#!\/loginParticipante\\\" target=\\\"_blank\\\" rel=\\\"noopener noreferrer\\\"><br \/>\nINSCRI\u00c7\u00d5ES<br \/>\n<\/a><\/p>\n<h2>Fale conosco<\/h2>\n<p>[contact-form-7 id=\\&#8221;1141\\&#8221; title=\\&#8221;Formul\u00e1rio de contato 1\\&#8221;]<\/p>\n<p>CENTRAL DE ATENDIMENTO<\/p>\n<p>(48) 3623-6000<\/p>\n<h3>Whatzapp<\/h3>\n<p>9999999999<\/p>\n<p>Siga a Fucap nas redes sociais:<\/p>\n<p><a href=\\\"https:\/\/www.facebook.com\/fucap\/?epa=SEARCH_BOX\\\" target=\\\"_blank\\\" rel=\\\"noopener noreferrer\\\"><br \/>\nFacebook<br \/>\n<\/a><br \/>\n<a href=\\\"https:\/\/twitter.com\/fucap_edu\\\" target=\\\"_blank\\\" rel=\\\"noopener noreferrer\\\"><br \/>\nTwitter<br \/>\n<\/a><br \/>\n<a href=\\\"https:\/\/www.youtube.com\/channel\/UCz81EoOg0XR4RafpD_sfE3A\\\" target=\\\"_blank\\\" rel=\\\"noopener noreferrer\\\"><br \/>\nYoutube<br \/>\n<\/a><br \/>\n<a href=\\\"https:\/\/www.instagram.com\/fucap_univinte\/\\\" target=\\\"_blank\\\" rel=\\\"noopener noreferrer\\\"><br \/>\nInstagram<br \/>\n<\/a><br \/>\n<a href=\\\"https:\/\/br.linkedin.com\/in\/faculdade-fucap-362825109\\\" target=\\\"_blank\\\" rel=\\\"noopener noreferrer\\\"><br \/>\nLinkedin<br \/>\n<\/a><\/p>\n<p>Faculdade Fucap Univinte\u00a0 &#8211; Uma faculdade Inovadora<br \/>\nCentral de Atendimento: (48) 3623-6000 | Endere\u00e7o: Av. Na\u00e7\u00f5es Unidas, 500 &#8211; Centro<br \/>\nCEP 88745-000 &#8211; Capivari de Baixo &#8211; SC\u00a0 \u00a0Brasil<\/p>\n<p><a href=\\\"http:\/\/www.fucap.edu.br\/wp\/\\\" data-elementor-open-lightbox=\\\"\\\"><br \/>\n<img src=\\\"http:\/\/www.fucap.edu.br\/wp\/wp-content\/uploads\/2019\/02\/logo-fucap-branc.png\\\" sizes=\\\"(max-width: 600px) 100vw, 600px\\\" srcset=\\\"http:\/\/www.fucap.edu.br\/wp\/wp-content\/uploads\/2019\/02\/logo-fucap-branc.png 600w, http:\/\/www.fucap.edu.br\/wp\/wp-content\/uploads\/2019\/02\/logo-fucap-branc-300x114.png 300w\\\" alt=\\\"\\\" width=\\\"600\\\" height=\\\"228\\\" \/> <\/a><br \/>\n\u00a9 2019 Faculdades Fucap. Todos os direitos reservados. Desenvolvido por <a style=\\\"color: #ffffff;\\\" href=\\\"http:\/\/www.creativeindesign.com.br\\\" target=\\\"_blank\\\" rel=\\\"noopener noreferrer\\\">CreativeDesign<\/a><\/p>\n","protected":false},"excerpt":{"rendered":"<p>ENEM &#8211; Exame Nacional do Ensino M\u00e9dio O\u00a0ENEM &#8211; Exame Nacional do Ensino M\u00e9dio\u00a0\u00e9 uma prova elaborada pelo Minist\u00e9rio da Educa\u00e7\u00e3o para verificar o dom\u00ednio de compet\u00eancias e habilidades dos estudantes que conclu\u00edram o ensino m\u00e9dio. O Enem \u00e9 composto por quatro provas de m\u00faltipla escolha, com 45 quest\u00f5es cada, e uma reda\u00e7\u00e3o. A finalidade [&hellip;]<\/p>\n","protected":false},"author":1,"featured_media":0,"parent":32,"menu_order":0,"comment_status":"closed","ping_status":"closed","template":"","meta":{"site-sidebar-layout":"default","site-content-layout":"","ast-site-content-layout":"default","site-content-style":"default","site-sidebar-style":"default","ast-global-header-display":"","ast-banner-title-visibility":"","ast-main-header-display":"","ast-hfb-above-header-display":"","ast-hfb-below-header-display":"","ast-hfb-mobile-header-display":"","site-post-title":"","ast-breadcrumbs-content":"","ast-featured-img":"","footer-sml-layout":"","ast-disable-related-posts":"","theme-transparent-header-meta":"","adv-header-id-meta":"","stick-header-meta":"","header-above-stick-meta":"","header-main-stick-meta":"","header-below-stick-meta":"","astra-migrate-meta-layouts":"default","ast-page-background-enabled":"default","ast-page-background-meta":{"desktop":{"background-color":"var(--ast-global-color-4)","background-image":"","background-repeat":"repeat","background-position":"center center","background-size":"auto","background-attachment":"scroll","background-type":"","background-media":"","overlay-type":"","overlay-color":"","overlay-opacity":"","overlay-gradient":""},"tablet":{"background-color":"","background-image":"","background-repeat":"repeat","background-position":"center center","background-size":"auto","background-attachment":"scroll","background-type":"","background-media":"","overlay-type":"","overlay-color":"","overlay-opacity":"","overlay-gradient":""},"mobile":{"background-color":"","background-image":"","background-repeat":"repeat","background-position":"center center","background-size":"auto","background-attachment":"scroll","background-type":"","background-media":"","overlay-type":"","overlay-color":"","overlay-opacity":"","overlay-gradient":""}},"ast-content-background-meta":{"desktop":{"background-color":"var(--ast-global-color-5)","background-image":"","background-repeat":"repeat","background-position":"center center","background-size":"auto","background-attachment":"scroll","background-type":"","background-media":"","overlay-type":"","overlay-color":"","overlay-opacity":"","overlay-gradient":""},"tablet":{"background-color":"var(--ast-global-color-5)","background-image":"","background-repeat":"repeat","background-position":"center center","background-size":"auto","background-attachment":"scroll","background-type":"","background-media":"","overlay-type":"","overlay-color":"","overlay-opacity":"","overlay-gradient":""},"mobile":{"background-color":"var(--ast-global-color-5)","background-image":"","background-repeat":"repeat","background-position":"center center","background-size":"auto","background-attachment":"scroll","background-type":"","background-media":"","overlay-type":"","overlay-color":"","overlay-opacity":"","overlay-gradient":""}},"footnotes":""},"class_list":["post-827","page","type-page","status-publish","hentry"],"rttpg_featured_image_url":null,"rttpg_author":{"display_name":"contato","author_link":"https:\/\/univinte.edu.br\/portal\/author\/contato\/"},"rttpg_comment":0,"rttpg_category":null,"rttpg_excerpt":"ENEM &#8211; Exame Nacional do Ensino M\u00e9dio O\u00a0ENEM &#8211; Exame Nacional do Ensino M\u00e9dio\u00a0\u00e9 uma prova elaborada pelo Minist\u00e9rio da Educa\u00e7\u00e3o para verificar o dom\u00ednio de compet\u00eancias e habilidades dos estudantes que conclu\u00edram o ensino m\u00e9dio. O Enem \u00e9 composto por quatro provas de m\u00faltipla escolha, com 45 quest\u00f5es cada, e uma reda\u00e7\u00e3o. A finalidade&hellip;","_links":{"self":[{"href":"https:\/\/univinte.edu.br\/portal\/wp-json\/wp\/v2\/pages\/827","targetHints":{"allow":["GET"]}}],"collection":[{"href":"https:\/\/univinte.edu.br\/portal\/wp-json\/wp\/v2\/pages"}],"about":[{"href":"https:\/\/univinte.edu.br\/portal\/wp-json\/wp\/v2\/types\/page"}],"author":[{"embeddable":true,"href":"https:\/\/univinte.edu.br\/portal\/wp-json\/wp\/v2\/users\/1"}],"replies":[{"embeddable":true,"href":"https:\/\/univinte.edu.br\/portal\/wp-json\/wp\/v2\/comments?post=827"}],"version-history":[{"count":0,"href":"https:\/\/univinte.edu.br\/portal\/wp-json\/wp\/v2\/pages\/827\/revisions"}],"up":[{"embeddable":true,"href":"https:\/\/univinte.edu.br\/portal\/wp-json\/wp\/v2\/pages\/32"}],"wp:attachment":[{"href":"https:\/\/univinte.edu.br\/portal\/wp-json\/wp\/v2\/media?parent=827"}],"curies":[{"name":"wp","href":"https:\/\/api.w.org\/{rel}","templated":true}]}}